[Thu May 18 22:13:58.851768 2023] [proxy_fcgi:error] [pid 11050:tid 47191576053504] (70007)The timeout specified has expired: [client 162.144.236.190:59326] AH01075: Error dispatching request to : (polling)
[Thu May 18 22:18:59.818404 2023] [proxy_fcgi:error] [pid 11051:tid 47191472232192] (70007)The timeout specified has expired: [client 162.144.236.190:59416] AH01075: Error dispatching request to : (polling)
[Thu May 18 22:22:25.929730 2023] [proxy_fcgi:error] [pid 11050:tid 47191482738432] (70007)The timeout specified has expired: [client 191.156.51.91:54592] AH01075: Error dispatching request to : (polling), referer: https://www.google.com/
[Thu May 18 22:22:38.933627 2023] [proxy_fcgi:error] [pid 11052:tid 47191476434688] (70007)The timeout specified has expired: [client 191.156.51.91:54594] AH01075: Error dispatching request to : (polling), referer: https://www.google.com/
[Thu May 18 22:22:40.040723 2023] [proxy_fcgi:error] [pid 11049:tid 47191582357248] (70007)The timeout specified has expired: [client 191.156.60.26:54604] AH01075: Error dispatching request to : (polling), referer: https://www.google.com/
[Thu May 18 22:22:49.011753 2023] [proxy_fcgi:error] [pid 11051:tid 47191576053504] (70007)The timeout specified has expired: [client 191.156.60.26:54606] AH01075: Error dispatching request to : (polling), referer: https://www.google.com/
[Thu May 18 22:23:23.835636 2023] [proxy_fcgi:error] [pid 11052:tid 47191565547264] (70007)The timeout specified has expired: [client 191.156.51.91:54608] AH01075: Error dispatching request to : (polling), referer: https://www.google.com/
[Thu May 18 22:24:00.909715 2023] [proxy_fcgi:error] [pid 11052:tid 47191590762240] (70007)The timeout specified has expired: [client 162.144.236.190:59490] AH01075: Error dispatching request to : (polling)
[Thu May 18 22:27:26.030622 2023] [proxy_fcgi:error] [pid 11050:tid 47191482738432] (70007)The timeout specified has expired: [client 191.156.51.91:54592] AH01075: Error dispatching request to : (polling), referer: https://www.google.com/
[Thu May 18 22:27:35.570741 2023] [proxy_fcgi:error] [pid 11052:tid 47191489042176] (70007)The timeout specified has expired: [client 191.156.49.174:54628] AH01075: Error dispatching request to : (polling), referer: https://www.google.com/
[Thu May 18 22:27:38.956687 2023] [proxy_fcgi:error] [pid 11052:tid 47191476434688] (70007)The timeout specified has expired: [client 191.156.51.91:54594] AH01075: Error dispatching request to : (polling), referer: https://www.google.com/
[Thu May 18 22:27:40.061721 2023] [proxy_fcgi:error] [pid 11049:tid 47191582357248] (70007)The timeout specified has expired: [client 191.156.60.26:54604] AH01075: Error dispatching request to : (polling), referer: https://www.google.com/
[Thu May 18 22:27:49.101054 2023] [proxy_fcgi:error] [pid 11051:tid 47191576053504] (70007)The timeout specified has expired: [client 191.156.60.26:54606] AH01075: Error dispatching request to : (polling), referer: https://www.google.com/
[Thu May 18 22:28:23.923719 2023] [proxy_fcgi:error] [pid 11052:tid 47191565547264] (70007)The timeout specified has expired: [client 191.156.51.91:54608] AH01075: Error dispatching request to : (polling), referer: https://www.google.com/
[Thu May 18 22:29:01.069467 2023] [proxy_fcgi:error] [pid 11048:tid 47191590762240] [client 84.46.245.20:47924] AH01071: Got error 'Primary script unknown'
[Thu May 18 22:29:02.199721 2023] [proxy_fcgi:error] [pid 11051:tid 47191484839680] (70007)The timeout specified has expired: [client 162.144.236.190:59534] AH01075: Error dispatching request to : (polling)
[Thu May 18 22:32:17.960841 2023] [core:error] [pid 11052:tid 47191571851008] [client 18.231.100.85:36268] AH10244: invalid URI path (/_plugin/head/../../../../../../../../../../../../../../../../etc/passwd)
[Thu May 18 22:32:35.670697 2023] [proxy_fcgi:error] [pid 11052:tid 47191489042176] (70007)The timeout specified has expired: [client 191.156.49.174:54628] AH01075: Error dispatching request to : (polling), referer: https://www.google.com/
[Thu May 18 22:32:57.941545 2023] [proxy_fcgi:error] [pid 6012:tid 47191472232192] [client 18.231.100.85:58928] AH01071: Got error 'Primary script unknown\n'
[Thu May 18 22:34:03.264834 2023] [proxy_fcgi:error] [pid 11048:tid 47191559243520] (70007)The timeout specified has expired: [client 162.144.236.190:59584] AH01075: Error dispatching request to : (polling)
[Thu May 18 22:39:04.392756 2023] [proxy_fcgi:error] [pid 11051:tid 47191578154752] (70007)The timeout specified has expired: [client 162.144.236.190:59638] AH01075: Error dispatching request to : (polling)
[Thu May 18 22:44:05.374910 2023] [proxy_fcgi:error] [pid 11048:tid 47191472232192] (70007)The timeout specified has expired: [client 162.144.236.190:59698] AH01075: Error dispatching request to : (polling)
[Thu May 18 22:49:06.446824 2023] [proxy_fcgi:error] [pid 11049:tid 47191567648512] (70007)The timeout specified has expired: [client 162.144.236.190:59764] AH01075: Error dispatching request to : (polling)
[Thu May 18 22:54:07.351757 2023] [proxy_fcgi:error] [pid 11052:tid 47191474333440] (70007)The timeout specified has expired: [client 162.144.236.190:59824] AH01075: Error dispatching request to : (polling)
[Thu May 18 22:59:08.335949 2023] [proxy_fcgi:error] [pid 11051:tid 47191586559744] (70007)The timeout specified has expired: [client 162.144.236.190:59898] AH01075: Error dispatching request to : (polling)
[Thu May 18 23:00:40.136736 2023] [proxy_fcgi:error] [pid 11052:tid 47191559243520] (70007)The timeout specified has expired: [client 181.51.34.95:8802] AH01075: Error dispatching request to : (polling), referer: https://www.gabrielamistralacacias.edu.co/
[Thu May 18 23:00:45.510534 2023] [proxy_fcgi:error] [pid 11050:tid 47191580256000] (70007)The timeout specified has expired: [client 181.51.34.95:8803] AH01075: Error dispatching request to : (polling), referer: https://www.gabrielamistralacacias.edu.co/
[Thu May 18 23:00:58.393761 2023] [proxy_fcgi:error] [pid 11049:tid 47191480637184] (70007)The timeout specified has expired: [client 181.51.34.95:8806] AH01075: Error dispatching request to : (polling), referer: https://www.gabrielamistralacacias.edu.co/
[Thu May 18 23:01:34.574236 2023] [proxy_fcgi:error] [pid 11049:tid 47191484839680] (70007)The timeout specified has expired: [client 181.51.34.95:8794] AH01075: Error dispatching request to : (polling), referer: https://www.gabrielamistralacacias.edu.co/
[Thu May 18 23:01:35.720218 2023] [proxy_fcgi:error] [pid 6012:tid 47191559243520] (70007)The timeout specified has expired: [client 181.51.34.95:8795] AH01075: Error dispatching request to : (polling), referer: https://www.gabrielamistralacacias.edu.co/
[Thu May 18 23:01:38.409743 2023] [proxy_fcgi:error] [pid 11050:tid 47191480637184] (70007)The timeout specified has expired: [client 181.51.34.95:8800] AH01075: Error dispatching request to : (polling), referer: https://www.gabrielamistralacacias.edu.co/
[Thu May 18 23:01:38.990707 2023] [proxy_fcgi:error] [pid 11052:tid 47191573952256] (70007)The timeout specified has expired: [client 181.51.34.95:8809] AH01075: Error dispatching request to : (polling), referer: https://www.gabrielamistralacacias.edu.co/
[Thu May 18 23:01:39.264855 2023] [proxy_fcgi:error] [pid 11049:tid 47191476434688] (70007)The timeout specified has expired: [client 181.51.34.95:8811] AH01075: Error dispatching request to : (polling), referer: https://www.gabrielamistralacacias.edu.co/
[Thu May 18 23:01:49.630708 2023] [proxy_fcgi:error] [pid 6012:tid 47191561344768] (70007)The timeout specified has expired: [client 181.51.34.95:8815] AH01075: Error dispatching request to : (polling), referer: https://www.gabrielamistralacacias.edu.co/
[Thu May 18 23:02:51.228737 2023] [proxy_fcgi:error] [pid 11052:tid 47191567648512] (70007)The timeout specified has expired: [client 181.51.34.95:8779] AH01075: Error dispatching request to : (polling), referer: https://www.gabrielamistralacacias.edu.co/
[Thu May 18 23:02:53.956744 2023] [proxy_fcgi:error] [pid 11049:tid 47191482738432] (70007)The timeout specified has expired: [client 181.51.34.95:8780] AH01075: Error dispatching request to : (polling), referer: https://www.gabrielamistralacacias.edu.co/
[Thu May 18 23:02:54.244836 2023] [proxy_fcgi:error] [pid 6012:tid 47191565547264] (70007)The timeout specified has expired: [client 181.51.34.95:8786] AH01075: Error dispatching request to : (polling), referer: https://www.gabrielamistralacacias.edu.co/
[Thu May 18 23:02:54.634548 2023] [proxy_fcgi:error] [pid 11051:tid 47191573952256] (70007)The timeout specified has expired: [client 181.51.34.95:8787] AH01075: Error dispatching request to : (polling), referer: https://www.gabrielamistralacacias.edu.co/
[Thu May 18 23:02:59.641788 2023] [proxy_fcgi:error] [pid 11048:tid 47191561344768] (70007)The timeout specified has expired: [client 181.51.34.95:8789] AH01075: Error dispatching request to : (polling), referer: https://www.gabrielamistralacacias.edu.co/
[Thu May 18 23:03:07.040957 2023] [proxy_fcgi:error] [pid 11050:tid 47191472232192] (70007)The timeout specified has expired: [client 181.51.34.95:8790] AH01075: Error dispatching request to : (polling), referer: https://www.gabrielamistralacacias.edu.co/
[Thu May 18 23:03:07.394945 2023] [proxy_fcgi:error] [pid 11052:tid 47191472232192] (70007)The timeout specified has expired: [client 181.51.34.95:8793] AH01075: Error dispatching request to : (polling), referer: https://www.gabrielamistralacacias.edu.co/
[Thu May 18 23:03:07.663752 2023] [proxy_fcgi:error] [pid 11049:tid 47191573952256] (70007)The timeout specified has expired: [client 181.51.34.95:8798] AH01075: Error dispatching request to : (polling), referer: https://www.gabrielamistralacacias.edu.co/
[Thu May 18 23:03:07.893222 2023] [proxy_fcgi:error] [pid 6012:tid 47191567648512] (70007)The timeout specified has expired: [client 181.51.34.95:8799] AH01075: Error dispatching request to : (polling), referer: https://www.gabrielamistralacacias.edu.co/
[Thu May 18 23:03:08.141741 2023] [proxy_fcgi:error] [pid 11051:tid 47191559243520] (70007)The timeout specified has expired: [client 181.51.34.95:8814] AH01075: Error dispatching request to : (polling), referer: https://www.gabrielamistralacacias.edu.co/
[Thu May 18 23:03:08.262282 2023] [proxy_fcgi:error] [pid 11048:tid 47191476434688] (70007)The timeout specified has expired: [client 181.51.34.95:8823] AH01075: Error dispatching request to : (polling), referer: https://www.gabrielamistralacacias.edu.co/
[Thu May 18 23:03:08.593708 2023] [proxy_fcgi:error] [pid 11050:tid 47191571851008] (70007)The timeout specified has expired: [client 181.51.34.95:8825] AH01075: Error dispatching request to : (polling), referer: https://www.gabrielamistralacacias.edu.co/
[Thu May 18 23:03:08.865731 2023] [proxy_fcgi:error] [pid 11052:tid 47191480637184] (70007)The timeout specified has expired: [client 181.51.34.95:8827] AH01075: Error dispatching request to : (polling), referer: https://www.gabrielamistralacacias.edu.co/
[Thu May 18 23:03:09.043200 2023] [proxy_fcgi:error] [pid 11049:tid 47191489042176] (70007)The timeout specified has expired: [client 181.51.34.95:8830] AH01075: Error dispatching request to : (polling), referer: https://www.gabrielamistralacacias.edu.co/
[Thu May 18 23:03:09.273697 2023] [proxy_fcgi:error] [pid 6012:tid 47191569749760] (70007)The timeout specified has expired: [client 181.51.34.95:8831] AH01075: Error dispatching request to : (polling), referer: https://www.gabrielamistralacacias.edu.co/
[Thu May 18 23:03:09.555707 2023] [proxy_fcgi:error] [pid 11051:tid 47191563446016] (70007)The timeout specified has expired: [client 181.51.34.95:8768] AH01075: Error dispatching request to : (polling), referer: https://www.gabrielamistralacacias.edu.co/
[Thu May 18 23:03:30.707772 2023] [proxy_fcgi:error] [pid 6012:tid 47191571851008] (70007)The timeout specified has expired: [client 181.51.34.95:1993] AH01075: Error dispatching request to : (polling), referer: https://www.gabrielamistralacacias.edu.co/
[Thu May 18 23:04:11.586691 2023] [proxy_fcgi:error] [pid 11051:tid 47191580256000] (70007)The timeout specified has expired: [client 162.144.236.190:59968] AH01075: Error dispatching request to : (polling)
[Thu May 18 23:05:40.237708 2023] [proxy_fcgi:error] [pid 11052:tid 47191559243520] (70007)The timeout specified has expired: [client 181.51.34.95:8802] AH01075: Error dispatching request to : (polling), referer: https://www.gabrielamistralacacias.edu.co/
[Thu May 18 23:05:45.609275 2023] [proxy_fcgi:error] [pid 11050:tid 47191580256000] (70007)The timeout specified has expired: [client 181.51.34.95:8803] AH01075: Error dispatching request to : (polling), referer: https://www.gabrielamistralacacias.edu.co/
[Thu May 18 23:05:58.463316 2023] [proxy_fcgi:error] [pid 11049:tid 47191480637184] (70007)The timeout specified has expired: [client 181.51.34.95:8806] AH01075: Error dispatching request to : (polling), referer: https://www.gabrielamistralacacias.edu.co/
[Thu May 18 23:06:34.669857 2023] [proxy_fcgi:error] [pid 11049:tid 47191484839680] (70007)The timeout specified has expired: [client 181.51.34.95:8794] AH01075: Error dispatching request to : (polling), referer: https://www.gabrielamistralacacias.edu.co/
[Thu May 18 23:06:35.775406 2023] [proxy_fcgi:error] [pid 6012:tid 47191559243520] (70007)The timeout specified has expired: [client 181.51.34.95:8795] AH01075: Error dispatching request to : (polling), referer: https://www.gabrielamistralacacias.edu.co/
[Thu May 18 23:06:38.492706 2023] [proxy_fcgi:error] [pid 11050:tid 47191480637184] (70007)The timeout specified has expired: [client 181.51.34.95:8800] AH01075: Error dispatching request to : (polling), referer: https://www.gabrielamistralacacias.edu.co/
[Thu May 18 23:06:39.090668 2023] [proxy_fcgi:error] [pid 11052:tid 47191573952256] (70007)The timeout specified has expired: [client 181.51.34.95:8809] AH01075: Error dispatching request to : (polling), referer: https://www.gabrielamistralacacias.edu.co/
[Thu May 18 23:06:39.345791 2023] [proxy_fcgi:error] [pid 11049:tid 47191476434688] (70007)The timeout specified has expired: [client 181.51.34.95:8811] AH01075: Error dispatching request to : (polling), referer: https://www.gabrielamistralacacias.edu.co/
[Thu May 18 23:06:49.730676 2023] [proxy_fcgi:error] [pid 6012:tid 47191561344768] (70007)The timeout specified has expired: [client 181.51.34.95:8815] AH01075: Error dispatching request to : (polling), referer: https://www.gabrielamistralacacias.edu.co/
[Thu May 18 23:07:51.328739 2023] [proxy_fcgi:error] [pid 11052:tid 47191567648512] (70007)The timeout specified has expired: [client 181.51.34.95:8779] AH01075: Error dispatching request to : (polling), referer: https://www.gabrielamistralacacias.edu.co/
[Thu May 18 23:07:54.042781 2023] [proxy_fcgi:error] [pid 11049:tid 47191482738432] (70007)The timeout specified has expired: [client 181.51.34.95:8780] AH01075: Error dispatching request to : (polling), referer: https://www.gabrielamistralacacias.edu.co/
[Thu May 18 23:07:54.266855 2023] [proxy_fcgi:error] [pid 6012:tid 47191565547264] (70007)The timeout specified has expired: [client 181.51.34.95:8786] AH01075: Error dispatching request to : (polling), referer: https://www.gabrielamistralacacias.edu.co/
[Thu May 18 23:07:54.712818 2023] [proxy_fcgi:error] [pid 11051:tid 47191573952256] (70007)The timeout specified has expired: [client 181.51.34.95:8787] AH01075: Error dispatching request to : (polling), referer: https://www.gabrielamistralacacias.edu.co/
[Thu May 18 23:07:59.702688 2023] [proxy_fcgi:error] [pid 11048:tid 47191561344768] (70007)The timeout specified has expired: [client 181.51.34.95:8789] AH01075: Error dispatching request to : (polling), referer: https://www.gabrielamistralacacias.edu.co/
[Thu May 18 23:09:11.857808 2023] [proxy_fcgi:error] [pid 11050:tid 47191472232192] (70007)The timeout specified has expired: [client 181.51.34.95:8790] AH01075: Error dispatching request to : (polling), referer: https://www.gabrielamistralacacias.edu.co/
[Thu May 18 23:31:52.709806 2023] [proxy:error] [pid 11049:tid 47191478535936] (111)Connection refused: AH00957: http: attempt to connect to 127.0.0.1:2079 (127.0.0.1:2079) failed
[Thu May 18 23:31:52.709928 2023] [proxy_http:error] [pid 11049:tid 47191478535936] [client 3.239.96.129:53046] AH01114: HTTP: failed to make connection to backend: 127.0.0.1
[Thu May 18 23:31:52.710109 2023] [proxy:error] [pid 11049:tid 47191478535936] (111)Connection refused: AH00957: http: attempt to connect to 127.0.0.1:2079 (127.0.0.1:2079) failed
[Thu May 18 23:31:52.710120 2023] [proxy_http:error] [pid 11049:tid 47191478535936] [client 3.239.96.129:53046] AH01114: HTTP: failed to make connection to backend: 127.0.0.1
[Thu May 18 23:31:53.006300 2023] [proxy:error] [pid 6012:tid 47191578154752] (111)Connection refused: AH00957: http: attempt to connect to 127.0.0.1:2079 (127.0.0.1:2079) failed
[Thu May 18 23:31:53.006479 2023] [proxy_http:error] [pid 6012:tid 47191578154752] [client 3.239.96.129:53101] AH01114: HTTP: failed to make connection to backend: 127.0.0.1
[Thu May 18 23:31:53.006749 2023] [proxy:error] [pid 6012:tid 47191578154752] (111)Connection refused: AH00957: http: attempt to connect to 127.0.0.1:2079 (127.0.0.1:2079) failed
[Thu May 18 23:31:53.006766 2023] [proxy_http:error] [pid 6012:tid 47191578154752] [client 3.239.96.129:53101] AH01114: HTTP: failed to make connection to backend: 127.0.0.1
[Thu May 18 23:37:39.497582 2023] [proxy:error] [pid 11050:tid 47191482738432] (111)Connection refused: AH00957: http: attempt to connect to 127.0.0.1:2079 (127.0.0.1:2079) failed
[Thu May 18 23:37:39.497712 2023] [proxy_http:error] [pid 11050:tid 47191482738432] [client 183.136.225.46:56450] AH01114: HTTP: failed to make connection to backend: 127.0.0.1
[Thu May 18 23:37:39.497852 2023] [proxy:error] [pid 11050:tid 47191482738432] (111)Connection refused: AH00957: http: attempt to connect to 127.0.0.1:2079 (127.0.0.1:2079) failed
[Thu May 18 23:37:39.497861 2023] [proxy_http:error] [pid 11050:tid 47191482738432] [client 183.136.225.46:56450] AH01114: HTTP: failed to make connection to backend: 127.0.0.1
[Thu May 18 23:38:18.502286 2023] [proxy:error] [pid 11052:tid 47191561344768] (111)Connection refused: AH00957: http: attempt to connect to 127.0.0.1:2079 (127.0.0.1:2079) failed
[Thu May 18 23:38:18.502372 2023] [proxy_http:error] [pid 11052:tid 47191561344768] [client 183.136.225.46:54942] AH01114: HTTP: failed to make connection to backend: 127.0.0.1
[Thu May 18 23:38:18.502572 2023] [proxy:error] [pid 11052:tid 47191561344768] (111)Connection refused: AH00957: http: attempt to connect to 127.0.0.1:2079 (127.0.0.1:2079) failed
[Thu May 18 23:38:18.502640 2023] [proxy_http:error] [pid 11052:tid 47191561344768] [client 183.136.225.46:54942] AH01114: HTTP: failed to make connection to backend: 127.0.0.1
[Thu May 18 23:38:19.153297 2023] [proxy:error] [pid 11049:tid 47191559243520] (111)Connection refused: AH00957: http: attempt to connect to 127.0.0.1:2079 (127.0.0.1:2079) failed
[Thu May 18 23:38:19.153362 2023] [proxy_http:error] [pid 11049:tid 47191559243520] [client 183.136.225.46:34730] AH01114: HTTP: failed to make connection to backend: 127.0.0.1
[Thu May 18 23:38:19.153525 2023] [proxy:error] [pid 11049:tid 47191559243520] (111)Connection refused: AH00957: http: attempt to connect to 127.0.0.1:2079 (127.0.0.1:2079) failed
[Thu May 18 23:38:19.153538 2023] [proxy_http:error] [pid 11049:tid 47191559243520] [client 183.136.225.46:34730] AH01114: HTTP: failed to make connection to backend: 127.0.0.1
[Thu May 18 23:38:35.304923 2023] [proxy:error] [pid 6012:tid 47191584458496] (111)Connection refused: AH00957: http: attempt to connect to 127.0.0.1:2079 (127.0.0.1:2079) failed
[Thu May 18 23:38:35.304995 2023] [proxy_http:error] [pid 6012:tid 47191584458496] [client 183.136.225.46:45832] AH01114: HTTP: failed to make connection to backend: 127.0.0.1
[Thu May 18 23:38:35.305152 2023] [proxy:error] [pid 6012:tid 47191584458496] (111)Connection refused: AH00957: http: attempt to connect to 127.0.0.1:2079 (127.0.0.1:2079) failed
[Thu May 18 23:38:35.305164 2023] [proxy_http:error] [pid 6012:tid 47191584458496] [client 183.136.225.46:45832] AH01114: HTTP: failed to make connection to backend: 127.0.0.1
[Thu May 18 23:40:17.975399 2023] [proxy_fcgi:error] [pid 11050:tid 47191563446016] [client 18.231.100.85:42970] AH01071: Got error 'Primary script unknown\n'
[Thu May 18 23:40:20.988171 2023] [proxy_fcgi:error] [pid 11052:tid 47191582357248] [client 18.231.100.85:42986] AH01071: Got error 'Primary script unknown\n'
[Thu May 18 23:42:54.867020 2023] [proxy_fcgi:error] [pid 11049:tid 47191484839680] [client 194.169.175.93:61276] AH01071: Got error 'Primary script unknown\n', referer: www.google.com
[Thu May 18 23:58:49.098923 2023] [proxy_fcgi:error] [pid 11050:tid 47191478535936] [client 52.169.0.203:39830] AH01071: Got error 'Primary script unknown'
[Thu May 18 23:58:49.162009 2023] [proxy_fcgi:error] [pid 11052:tid 47191569749760] [client 136.243.226.148:39658] AH01071: Got error 'Primary script unknown'
[Thu May 18 23:58:54.316014 2023] [proxy_fcgi:error] [pid 6012:tid 47191563446016] [client 93.107.39.255:45824] AH01071: Got error 'Primary script unknown'
[Thu May 18 23:59:03.768044 2023] [proxy_fcgi:error] [pid 11048:tid 47191586559744] [client 103.204.131.81:38712] AH01071: Got error 'Primary script unknown'
[Thu May 18 23:59:04.954569 2023] [proxy_fcgi:error] [pid 11052:tid 47191590762240] [client 77.68.114.109:56302] AH01071: Got error 'Primary script unknown'
[Thu May 18 23:59:07.299628 2023] [proxy_fcgi:error] [pid 6012:tid 47191573952256] [client 185.82.212.241:59104] AH01071: Got error 'Primary script unknown'
[Thu May 18 23:59:10.019479 2023] [proxy_fcgi:error] [pid 11048:tid 47191576053504] [client 185.82.212.27:43140] AH01071: Got error 'Primary script unknown'
[Thu May 18 23:59:10.742577 2023] [proxy_fcgi:error] [pid 11052:tid 47191478535936] [client 196.245.9.18:59260] AH01071: Got error 'Primary script unknown'
[Thu May 18 23:59:16.247874 2023] [proxy_fcgi:error] [pid 6012:tid 47191482738432] [client 136.243.226.148:33652] AH01071: Got error 'Primary script unknown'
[Thu May 18 23:59:17.524202 2023] [proxy_fcgi:error] [pid 11048:tid 47191588660992] [client 178.62.88.118:49702] AH01071: Got error 'Primary script unknown'
[Thu May 18 23:59:21.810680 2023] [proxy_fcgi:error] [pid 11052:tid 47191482738432] [client 196.245.9.18:46106] AH01071: Got error 'Primary script unknown'
[Thu May 18 23:59:34.572092 2023] [proxy_fcgi:error] [pid 6012:tid 47191576053504] [client 136.243.226.148:41020] AH01071: Got error 'Primary script unknown'
[Fri May 19 00:18:28.606843 2023] [proxy_fcgi:error] [pid 11052:tid 47191573952256] [client 136.243.226.148:41978] AH01071: Got error 'Primary script unknown'
[Fri May 19 00:18:29.452277 2023] [proxy_fcgi:error] [pid 11051:tid 47191480637184] [client 136.243.226.148:41990] AH01071: Got error 'Primary script unknown'
[Fri May 19 00:18:33.502825 2023] [proxy_fcgi:error] [pid 11050:tid 47191576053504] [client 3.229.42.190:60774] AH01071: Got error 'Primary script unknown'
[Fri May 19 00:18:36.375227 2023] [proxy_fcgi:error] [pid 11049:tid 47191484839680] [client 196.245.9.18:50872] AH01071: Got error 'Primary script unknown'
[Fri May 19 00:18:51.042913 2023] [proxy_fcgi:error] [pid 11051:tid 47191571851008] [client 120.27.248.75:53716] AH01071: Got error 'Primary script unknown'
[Fri May 19 00:22:58.060174 2023] [proxy_fcgi:error] [pid 11050:tid 47191478535936] [client 185.82.212.242:41724] AH01071: Got error 'Primary script unknown'
[Fri May 19 00:22:58.062007 2023] [proxy_fcgi:error] [pid 11052:tid 47191478535936] [client 185.82.212.242:41726] AH01071: Got error 'Primary script unknown'
[Fri May 19 00:23:00.451687 2023] [proxy_fcgi:error] [pid 6012:tid 47191576053504] [client 212.42.122.66:28048] AH01071: Got error 'Primary script unknown'
[Fri May 19 00:23:02.638317 2023] [proxy_fcgi:error] [pid 11050:tid 47191489042176] [client 185.2.5.90:59417] AH01071: Got error 'Primary script unknown'
[Fri May 19 00:23:04.341289 2023] [proxy_fcgi:error] [pid 11049:tid 47191590762240] [client 185.82.212.32:58552] AH01071: Got error 'Primary script unknown'
[Fri May 19 00:23:10.973081 2023] [proxy_fcgi:error] [pid 11048:tid 47191576053504] [client 185.82.212.241:47188] AH01071: Got error 'Primary script unknown'
[Fri May 19 00:23:12.116720 2023] [proxy_fcgi:error] [pid 11052:tid 47191486940928] [client 158.220.104.248:47486] AH01071: Got error 'Primary script unknown'
[Fri May 19 00:23:15.383487 2023] [proxy_fcgi:error] [pid 6012:tid 47191580256000] [client 185.82.212.33:37306] AH01071: Got error 'Primary script unknown'
[Fri May 19 00:23:17.821575 2023] [proxy_fcgi:error] [pid 11050:tid 47191476434688] [client 185.82.212.30:45960] AH01071: Got error 'Primary script unknown'
[Fri May 19 00:23:21.138294 2023] [proxy_fcgi:error] [pid 11049:tid 47191576053504] [client 136.144.209.30:56548] AH01071: Got error 'Primary script unknown'
[Fri May 19 00:23:22.993675 2023] [proxy_fcgi:error] [pid 11051:tid 47191489042176] [client 212.42.122.66:54723] AH01071: Got error 'Primary script unknown'
[Fri May 19 00:23:24.568900 2023] [proxy_fcgi:error] [pid 11050:tid 47191588660992] [client 136.243.226.148:36682] AH01071: Got error 'Primary script unknown'
[Fri May 19 00:23:25.686780 2023] [proxy_fcgi:error] [pid 11049:tid 47191582357248] [client 185.82.212.241:50322] AH01071: Got error 'Primary script unknown'
[Fri May 19 00:23:27.301525 2023] [proxy_fcgi:error] [pid 11051:tid 47191586559744] [client 136.243.226.148:60260] AH01071: Got error 'Primary script unknown'
[Fri May 19 00:46:46.280194 2023] [proxy:error] [pid 11051:tid 47191482738432] (111)Connection refused: AH00957: http: attempt to connect to 127.0.0.1:2079 (127.0.0.1:2079) failed
[Fri May 19 00:46:46.280345 2023] [proxy_http:error] [pid 11051:tid 47191482738432] [client 167.248.133.190:44862] AH01114: HTTP: failed to make connection to backend: 127.0.0.1
[Fri May 19 00:46:46.280490 2023] [proxy:error] [pid 11051:tid 47191482738432] (111)Connection refused: AH00957: http: attempt to connect to 127.0.0.1:2079 (127.0.0.1:2079) failed
[Fri May 19 00:46:46.280499 2023] [proxy_http:error] [pid 11051:tid 47191482738432] [client 167.248.133.190:44862] AH01114: HTTP: failed to make connection to backend: 127.0.0.1
[Fri May 19 00:55:08.510370 2023] [proxy:error] [pid 11049:tid 47191569749760] (111)Connection refused: AH00957: http: attempt to connect to 127.0.0.1:2079 (127.0.0.1:2079) failed
[Fri May 19 00:55:08.510475 2023] [proxy_http:error] [pid 11049:tid 47191569749760] [client 34.228.198.18:56854] AH01114: HTTP: failed to make connection to backend: 127.0.0.1
[Fri May 19 00:55:08.510641 2023] [proxy:error] [pid 11049:tid 47191569749760] (111)Connection refused: AH00957: http: attempt to connect to 127.0.0.1:2079 (127.0.0.1:2079) failed
[Fri May 19 00:55:08.510677 2023] [proxy_http:error] [pid 11049:tid 47191569749760] [client 34.228.198.18:56854] AH01114: HTTP: failed to make connection to backend: 127.0.0.1
[Fri May 19 01:03:44.320290 2023] [ssl:error] [pid 11048:tid 47191576053504] [client 167.248.133.38:54542] AH02032: Hostname mail.elpastelero.co provided via SNI and hostname 162.144.236.190 provided via HTTP have no compatible SSL setup
[Fri May 19 01:17:45.937732 2023] [proxy_fcgi:error] [pid 11052:tid 47191563446016] [client 18.231.100.85:38880] AH01071: Got error 'Primary script unknown\n'
[Fri May 19 01:36:41.280343 2023] [proxy_fcgi:error] [pid 11052:tid 47191565547264] [client 212.42.122.66:35168] AH01071: Got error 'Primary script unknown'
[Fri May 19 01:36:43.369856 2023] [proxy_fcgi:error] [pid 6012:tid 47191590762240] [client 62.20.146.255:26612] AH01071: Got error 'Primary script unknown'
[Fri May 19 01:36:54.875237 2023] [proxy_fcgi:error] [pid 11050:tid 47191489042176] [client 185.98.5.230:33192] AH01071: Got error 'Primary script unknown'
[Fri May 19 01:36:57.855250 2023] [proxy_fcgi:error] [pid 11049:tid 47191576053504] [client 37.139.20.103:42814] AH01071: Got error 'Primary script unknown'
[Fri May 19 01:36:59.341442 2023] [proxy_fcgi:error] [pid 11051:tid 47191489042176] [client 185.82.212.241:43994] AH01071: Got error 'Primary script unknown'
[Fri May 19 01:37:00.216005 2023] [proxy_fcgi:error] [pid 11050:tid 47191590762240] [client 136.243.226.148:51798] AH01071: Got error 'Primary script unknown'
[Fri May 19 01:37:01.892876 2023] [proxy_fcgi:error] [pid 11049:tid 47191582357248] [client 136.144.209.30:58592] AH01071: Got error 'Primary script unknown'
[Fri May 19 01:37:02.430094 2023] [proxy_fcgi:error] [pid 11051:tid 47191586559744] [client 185.82.212.33:42138] AH01071: Got error 'Primary script unknown'
[Fri May 19 01:37:02.978701 2023] [proxy_fcgi:error] [pid 11050:tid 47191476434688] [client 54.177.22.140:57924] AH01071: Got error 'Primary script unknown'
[Fri May 19 01:37:06.272406 2023] [proxy_fcgi:error] [pid 11049:tid 47191478535936] [client 31.22.4.233:62616] AH01071: Got error 'Primary script unknown'
[Fri May 19 01:37:08.474552 2023] [proxy_fcgi:error] [pid 11048:tid 47191582357248] [client 185.2.5.90:53277] AH01071: Got error 'Primary script unknown'
[Fri May 19 01:37:16.744122 2023] [proxy_fcgi:error] [pid 6012:tid 47191472232192] [client 185.82.212.32:42058] AH01071: Got error 'Primary script unknown'
[Fri May 19 01:37:19.504695 2023] [proxy_fcgi:error] [pid 11048:tid 47191578154752] [client 184.164.94.74:54618] AH01071: Got error 'Primary script unknown'
[Fri May 19 01:59:38.467140 2023] [ssl:error] [pid 11051:tid 47191586559744] [client 167.94.138.51:46938] AH02032: Hostname www.aerupia.com provided via SNI and hostname 162.144.236.190 provided via HTTP have no compatible SSL setup
[Fri May 19 02:11:09.478621 2023] [proxy:error] [pid 11052:tid 47191563446016] (111)Connection refused: AH00957: http: attempt to connect to 127.0.0.1:2079 (127.0.0.1:2079) failed
[Fri May 19 02:11:09.478775 2023] [proxy_http:error] [pid 11052:tid 47191563446016] [client 205.210.31.111:62944] AH01114: HTTP: failed to make connection to backend: 127.0.0.1
[Fri May 19 02:11:09.478954 2023] [proxy:error] [pid 11052:tid 47191563446016] (111)Connection refused: AH00957: http: attempt to connect to 127.0.0.1:2079 (127.0.0.1:2079) failed
[Fri May 19 02:11:09.478980 2023] [proxy_http:error] [pid 11052:tid 47191563446016] [client 205.210.31.111:62944] AH01114: HTTP: failed to make connection to backend: 127.0.0.1
[Fri May 19 02:12:09.128072 2023] [proxy_fcgi:error] [pid 11048:tid 47191563446016] [client 136.243.226.148:52764] AH01071: Got error 'Primary script unknown'
[Fri May 19 02:12:09.797624 2023] [proxy_fcgi:error] [pid 11052:tid 47191586559744] [client 185.82.212.32:56424] AH01071: Got error 'Primary script unknown'
[Fri May 19 02:12:11.359926 2023] [proxy_fcgi:error] [pid 6012:tid 47191586559744] [client 13.113.48.86:57322] AH01071: Got error 'Primary script unknown'
[Fri May 19 02:12:13.474878 2023] [proxy_fcgi:error] [pid 11048:tid 47191567648512] [client 45.95.147.156:36926] AH01071: Got error 'Primary script unknown'
[Fri May 19 02:12:16.571895 2023] [proxy_fcgi:error] [pid 11052:tid 47191478535936] [client 34.215.152.147:54830] AH01071: Got error 'Primary script unknown'
[Fri May 19 02:12:34.115374 2023] [proxy_fcgi:error] [pid 11052:tid 47191486940928] [client 204.93.196.26:47170] AH01071: Got error 'Primary script unknown'
[Fri May 19 02:12:36.810493 2023] [proxy_fcgi:error] [pid 6012:tid 47191559243520] [client 37.139.20.103:51470] AH01071: Got error 'Primary script unknown'
[Fri May 19 02:12:48.532226 2023] [proxy_fcgi:error] [pid 11048:tid 47191474333440] [client 136.243.226.148:38430] AH01071: Got error 'Primary script unknown'
[Fri May 19 02:12:51.552174 2023] [proxy_fcgi:error] [pid 11052:tid 47191476434688] [client 185.82.212.27:55222] AH01071: Got error 'Primary script unknown'
[Fri May 19 02:12:55.307559 2023] [proxy_fcgi:error] [pid 6012:tid 47191474333440] [client 196.245.9.18:35700] AH01071: Got error 'Primary script unknown'
[Fri May 19 02:13:04.913235 2023] [proxy_fcgi:error] [pid 11048:tid 47191561344768] [client 145.239.30.120:46188] AH01071: Got error 'Primary script unknown'
[Fri May 19 02:14:04.812099 2023] [ssl:error] [pid 6012:tid 47191565547264] [client 162.142.125.12:41708] AH02032: Hostname elpastelero.co provided via SNI and hostname 162.144.236.190 provided via HTTP have no compatible SSL setup
[Fri May 19 02:25:39.001872 2023] [proxy:error] [pid 11048:tid 47191472232192] (111)Connection refused: AH00957: http: attempt to connect to 127.0.0.1:2079 (127.0.0.1:2079) failed
[Fri May 19 02:25:39.001986 2023] [proxy_http:error] [pid 11048:tid 47191472232192] [client 183.136.225.45:38276] AH01114: HTTP: failed to make connection to backend: 127.0.0.1
[Fri May 19 02:25:39.002147 2023] [proxy:error] [pid 11048:tid 47191472232192] (111)Connection refused: AH00957: http: attempt to connect to 127.0.0.1:2079 (127.0.0.1:2079) failed
[Fri May 19 02:25:39.002159 2023] [proxy_http:error] [pid 11048:tid 47191472232192] [client 183.136.225.45:38276] AH01114: HTTP: failed to make connection to backend: 127.0.0.1
[Fri May 19 02:27:31.065525 2023] [proxy:error] [pid 11048:tid 47191590762240] (111)Connection refused: AH00957: http: attempt to connect to 127.0.0.1:2079 (127.0.0.1:2079) failed
[Fri May 19 02:27:31.065641 2023] [proxy_http:error] [pid 11048:tid 47191590762240] [client 183.136.225.45:58068] AH01114: HTTP: failed to make connection to backend: 127.0.0.1
[Fri May 19 02:27:31.065808 2023] [proxy:error] [pid 11048:tid 47191590762240] (111)Connection refused: AH00957: http: attempt to connect to 127.0.0.1:2079 (127.0.0.1:2079) failed
[Fri May 19 02:27:31.065819 2023] [proxy_http:error] [pid 11048:tid 47191590762240] [client 183.136.225.45:58068] AH01114: HTTP: failed to make connection to backend: 127.0.0.1
[Fri May 19 02:28:07.336452 2023] [proxy:error] [pid 11049:tid 47191476434688] (111)Connection refused: AH00957: http: attempt to connect to 127.0.0.1:2079 (127.0.0.1:2079) failed
[Fri May 19 02:28:07.336517 2023] [proxy_http:error] [pid 11049:tid 47191476434688] [client 183.136.225.45:56516] AH01114: HTTP: failed to make connection to backend: 127.0.0.1
[Fri May 19 02:28:07.336719 2023] [proxy:error] [pid 11049:tid 47191476434688] (111)Connection refused: AH00957: http: attempt to connect to 127.0.0.1:2079 (127.0.0.1:2079) failed
[Fri May 19 02:28:07.336736 2023] [proxy_http:error] [pid 11049:tid 47191476434688] [client 183.136.225.45:56516] AH01114: HTTP: failed to make connection to backend: 127.0.0.1
[Fri May 19 02:31:11.853053 2023] [proxy:error] [pid 11051:tid 47191578154752] (111)Connection refused: AH00957: http: attempt to connect to 127.0.0.1:2079 (127.0.0.1:2079) failed
[Fri May 19 02:31:11.853148 2023] [proxy_http:error] [pid 11051:tid 47191578154752] [client 162.158.91.10:20920] AH01114: HTTP: failed to make connection to backend: 127.0.0.1
[Fri May 19 02:31:11.853338 2023] [proxy:error] [pid 11051:tid 47191578154752] (111)Connection refused: AH00957: http: attempt to connect to 127.0.0.1:2079 (127.0.0.1:2079) failed
[Fri May 19 02:31:11.853375 2023] [proxy_http:error] [pid 11051:tid 47191578154752] [client 162.158.91.10:20920] AH01114: HTTP: failed to make connection to backend: 127.0.0.1
[Fri May 19 02:31:12.033584 2023] [proxy:error] [pid 11048:tid 47191576053504] (111)Connection refused: AH00957: http: attempt to connect to 127.0.0.1:2079 (127.0.0.1:2079) failed
[Fri May 19 02:31:12.033649 2023] [proxy_http:error] [pid 11048:tid 47191576053504] [client 172.70.210.154:25380] AH01114: HTTP: failed to make connection to backend: 127.0.0.1
[Fri May 19 02:31:12.033801 2023] [proxy:error] [pid 11048:tid 47191576053504] (111)Connection refused: AH00957: http: attempt to connect to 127.0.0.1:2079 (127.0.0.1:2079) failed
[Fri May 19 02:31:12.033810 2023] [proxy_http:error] [pid 11048:tid 47191576053504] [client 172.70.210.154:25380] AH01114: HTTP: failed to make connection to backend: 127.0.0.1
[Fri May 19 02:33:22.022546 2023] [proxy:error] [pid 11050:tid 47191478535936] (111)Connection refused: AH00957: http: attempt to connect to 127.0.0.1:2079 (127.0.0.1:2079) failed
[Fri May 19 02:33:22.022663 2023] [proxy_http:error] [pid 11050:tid 47191478535936] [client 183.136.225.45:33374] AH01114: HTTP: failed to make connection to backend: 127.0.0.1
[Fri May 19 02:33:22.022837 2023] [proxy:error] [pid 11050:tid 47191478535936] (111)Connection refused: AH00957: http: attempt to connect to 127.0.0.1:2079 (127.0.0.1:2079) failed
[Fri May 19 02:33:22.022851 2023] [proxy_http:error] [pid 11050:tid 47191478535936] [client 183.136.225.45:33374] AH01114: HTTP: failed to make connection to backend: 127.0.0.1
[Fri May 19 02:33:27.424318 2023] [proxy:error] [pid 11052:tid 47191489042176] (111)Connection refused: AH00957: http: attempt to connect to 127.0.0.1:2079 (127.0.0.1:2079) failed
[Fri May 19 02:33:27.424404 2023] [proxy_http:error] [pid 11052:tid 47191489042176] [client 183.136.225.45:47254] AH01114: HTTP: failed to make connection to backend: 127.0.0.1
[Fri May 19 02:33:27.424562 2023] [proxy:error] [pid 11052:tid 47191489042176] (111)Connection refused: AH00957: http: attempt to connect to 127.0.0.1:2079 (127.0.0.1:2079) failed
[Fri May 19 02:33:27.424783 2023] [proxy_http:error] [pid 11052:tid 47191489042176] [client 183.136.225.45:47254] AH01114: HTTP: failed to make connection to backend: 127.0.0.1
[Fri May 19 02:52:36.378039 2023] [proxy_fcgi:error] [pid 11048:tid 47191588660992] [client 67.225.140.122:39868] AH01071: Got error 'Primary script unknown'
[Fri May 19 02:52:37.281278 2023] [proxy_fcgi:error] [pid 11052:tid 47191567648512] [client 68.178.225.1:15176] AH01071: Got error 'Primary script unknown'
[Fri May 19 02:52:38.799403 2023] [proxy_fcgi:error] [pid 6012:tid 47191559243520] [client 185.82.212.32:44630] AH01071: Got error 'Primary script unknown'
[Fri May 19 02:52:48.347796 2023] [proxy_fcgi:error] [pid 11050:tid 47191484839680] [client 167.86.83.89:46476] AH01071: Got error 'Primary script unknown'
[Fri May 19 02:52:52.032898 2023] [proxy_fcgi:error] [pid 11049:tid 47191584458496] [client 63.247.143.209:33050] AH01071: Got error 'Primary script unknown'
[Fri May 19 02:52:54.073508 2023] [proxy_fcgi:error] [pid 11051:tid 47191472232192] [client 157.90.127.216:47930] AH01071: Got error 'Primary script unknown'
[Fri May 19 02:52:59.220799 2023] [proxy_fcgi:error] [pid 11050:tid 47191582357248] [client 60.247.156.28:54758] AH01071: Got error 'Primary script unknown'
[Fri May 19 02:53:01.354417 2023] [proxy_fcgi:error] [pid 6012:tid 47191565547264] [client 136.144.209.30:45706] AH01071: Got error 'Primary script unknown'
[Fri May 19 02:53:02.055701 2023] [proxy_fcgi:error] [pid 11048:tid 47191480637184] [client 185.82.212.25:33824] AH01071: Got error 'Primary script unknown'
[Fri May 19 02:53:04.888704 2023] [proxy_fcgi:error] [pid 11052:tid 47191563446016] [client 185.82.212.28:33616] AH01071: Got error 'Primary script unknown'
[Fri May 19 02:53:06.323447 2023] [proxy_fcgi:error] [pid 6012:tid 47191472232192] [client 141.98.114.245:60222] AH01071: Got error 'Primary script unknown'
[Fri May 19 02:53:07.592434 2023] [proxy_fcgi:error] [pid 11048:tid 47191582357248] [client 136.144.209.30:45978] AH01071: Got error 'Primary script unknown'
[Fri May 19 02:53:08.586424 2023] [proxy_fcgi:error] [pid 11052:tid 47191586559744] [client 196.245.9.18:40240] AH01071: Got error 'Primary script unknown'
[Fri May 19 03:25:27.095434 2023] [ssl:error] [pid 11048:tid 47191582357248] [client 167.248.133.52:45476] AH02032: Hostname aerupia.com provided via SNI and hostname 162.144.236.190 provided via HTTP have no compatible SSL setup
[Fri May 19 03:31:45.265848 2023] [proxy:error] [pid 11052:tid 47191561344768] (111)Connection refused: AH00957: http: attempt to connect to 127.0.0.1:2079 (127.0.0.1:2079) failed
[Fri May 19 03:31:45.265938 2023] [proxy_http:error] [pid 11052:tid 47191561344768] [client 162.142.125.223:46606] AH01114: HTTP: failed to make connection to backend: 127.0.0.1
[Fri May 19 03:31:45.266065 2023] [proxy:error] [pid 11052:tid 47191561344768] (111)Connection refused: AH00957: http: attempt to connect to 127.0.0.1:2079 (127.0.0.1:2079) failed
[Fri May 19 03:31:45.266073 2023] [proxy_http:error] [pid 11052:tid 47191561344768] [client 162.142.125.223:46606] AH01114: HTTP: failed to make connection to backend: 127.0.0.1
[Fri May 19 03:39:21.253328 2023] [proxy_fcgi:error] [pid 6012:tid 47191486940928] [client 141.98.114.245:57462] AH01071: Got error 'Primary script unknown'
[Fri May 19 03:39:21.898267 2023] [proxy_fcgi:error] [pid 11048:tid 47191489042176] [client 35.214.190.212:56422] AH01071: Got error 'Primary script unknown'
[Fri May 19 03:39:24.465388 2023] [proxy_fcgi:error] [pid 11052:tid 47191489042176] [client 185.82.212.33:60828] AH01071: Got error 'Primary script unknown'
[Fri May 19 03:39:27.323664 2023] [proxy_fcgi:error] [pid 11051:tid 47191571851008] [client 196.245.9.18:54032] AH01071: Got error 'Primary script unknown'
[Fri May 19 03:39:29.587208 2023] [proxy_fcgi:error] [pid 11050:tid 47191474333440] [client 139.162.60.20:48122] AH01071: Got error 'Primary script unknown'
[Fri May 19 03:39:33.386181 2023] [proxy_fcgi:error] [pid 11049:tid 47191474333440] [client 185.82.212.32:37442] AH01071: Got error 'Primary script unknown'
[Fri May 19 03:39:34.316649 2023] [proxy_fcgi:error] [pid 11051:tid 47191476434688] [client 158.220.104.248:41496] AH01071: Got error 'Primary script unknown'
[Fri May 19 03:39:37.702769 2023] [proxy_fcgi:error] [pid 11052:tid 47191563446016] [client 136.144.209.30:37076] AH01071: Got error 'Primary script unknown'
[Fri May 19 03:39:40.506187 2023] [proxy_fcgi:error] [pid 11051:tid 47191482738432] [client 136.144.209.30:37090] AH01071: Got error 'Primary script unknown'
[Fri May 19 03:39:41.569666 2023] [proxy_fcgi:error] [pid 11050:tid 47191584458496] [client 185.82.212.28:46546] AH01071: Got error 'Primary script unknown'
[Fri May 19 03:39:47.662996 2023] [proxy_fcgi:error] [pid 11049:tid 47191569749760] [client 68.178.145.141:17129] AH01071: Got error 'Primary script unknown'
[Fri May 19 03:39:48.763083 2023] [proxy_fcgi:error] [pid 11048:tid 47191584458496] [client 136.243.226.148:38018] AH01071: Got error 'Primary script unknown'
[Fri May 19 03:39:49.141160 2023] [proxy_fcgi:error] [pid 11050:tid 47191472232192] [client 68.178.145.141:17285] AH01071: Got error 'Primary script unknown'
[Fri May 19 03:39:50.093347 2023] [proxy_fcgi:error] [pid 6012:tid 47191584458496] [client 185.82.212.241:51472] AH01071: Got error 'Primary script unknown'
[Fri May 19 03:52:08.168007 2023] [proxy_fcgi:error] [pid 11050:tid 47191474333440] [client 162.158.18.77:51450] AH01071: Got error 'Primary script unknown\n'
[Fri May 19 04:00:15.071821 2023] [cgid:error] [pid 11050:tid 47191582357248] [client 106.75.154.10:63666] AH01264: script not found or unable to stat: /usr/local/cpanel/cgi-sys/favicon.ico
[Fri May 19 04:02:59.375693 2023] [proxy:error] [pid 11050:tid 47191489042176] (111)Connection refused: AH00957: http: attempt to connect to 127.0.0.1:2079 (127.0.0.1:2079) failed
[Fri May 19 04:02:59.375805 2023] [proxy_http:error] [pid 11050:tid 47191489042176] [client 54.227.188.19:59010] AH01114: HTTP: failed to make connection to backend: 127.0.0.1, referer: https://www.google.com/
[Fri May 19 04:02:59.375927 2023] [proxy:error] [pid 11050:tid 47191489042176] (111)Connection refused: AH00957: http: attempt to connect to 127.0.0.1:2079 (127.0.0.1:2079) failed
[Fri May 19 04:02:59.375935 2023] [proxy_http:error] [pid 11050:tid 47191489042176] [client 54.227.188.19:59010] AH01114: HTTP: failed to make connection to backend: 127.0.0.1, referer: https://www.google.com/
[Fri May 19 04:02:59.500876 2023] [proxy:error] [pid 11052:tid 47191561344768] (111)Connection refused: AH00957: http: attempt to connect to 127.0.0.1:2079 (127.0.0.1:2079) failed
[Fri May 19 04:02:59.500941 2023] [proxy_http:error] [pid 11052:tid 47191561344768] [client 54.227.188.19:59014] AH01114: HTTP: failed to make connection to backend: 127.0.0.1, referer: https://www.google.com/
[Fri May 19 04:02:59.501065 2023] [proxy:error] [pid 11052:tid 47191561344768] (111)Connection refused: AH00957: http: attempt to connect to 127.0.0.1:2079 (127.0.0.1:2079) failed
[Fri May 19 04:02:59.501074 2023] [proxy_http:error] [pid 11052:tid 47191561344768] [client 54.227.188.19:59014] AH01114: HTTP: failed to make connection to backend: 127.0.0.1, referer: https://www.google.com/
[Fri May 19 04:02:59.612512 2023] [proxy:error] [pid 11049:tid 47191559243520] (111)Connection refused: AH00957: http: attempt to connect to 127.0.0.1:2079 (127.0.0.1:2079) failed
[Fri May 19 04:02:59.612589 2023] [proxy_http:error] [pid 11049:tid 47191559243520] [client 54.227.188.19:59022] AH01114: HTTP: failed to make connection to backend: 127.0.0.1, referer: https://www.google.com/
[Fri May 19 04:02:59.612803 2023] [proxy:error] [pid 11049:tid 47191559243520] (111)Connection refused: AH00957: http: attempt to connect to 127.0.0.1:2079 (127.0.0.1:2079) failed
[Fri May 19 04:02:59.612821 2023] [proxy_http:error] [pid 11049:tid 47191559243520] [client 54.227.188.19:59022] AH01114: HTTP: failed to make connection to backend: 127.0.0.1, referer: https://www.google.com/
[Fri May 19 04:02:59.730504 2023] [proxy:error] [pid 6012:tid 47191486940928] (111)Connection refused: AH00957: http: attempt to connect to 127.0.0.1:2079 (127.0.0.1:2079) failed
[Fri May 19 04:02:59.730553 2023] [proxy_http:error] [pid 6012:tid 47191486940928] [client 54.227.188.19:59026] AH01114: HTTP: failed to make connection to backend: 127.0.0.1, referer: https://www.google.com/
[Fri May 19 04:02:59.730700 2023] [proxy:error] [pid 6012:tid 47191486940928] (111)Connection refused: AH00957: http: attempt to connect to 127.0.0.1:2079 (127.0.0.1:2079) failed
[Fri May 19 04:02:59.730711 2023] [proxy_http:error] [pid 6012:tid 47191486940928] [client 54.227.188.19:59026] AH01114: HTTP: failed to make connection to backend: 127.0.0.1, referer: https://www.google.com/
[Fri May 19 04:02:59.839823 2023] [proxy:error] [pid 11051:tid 47191567648512] (111)Connection refused: AH00957: http: attempt to connect to 127.0.0.1:2079 (127.0.0.1:2079) failed
[Fri May 19 04:02:59.839890 2023] [proxy_http:error] [pid 11051:tid 47191567648512] [client 54.227.188.19:59036] AH01114: HTTP: failed to make connection to backend: 127.0.0.1, referer: https://www.google.com/
[Fri May 19 04:02:59.840065 2023] [proxy:error] [pid 11051:tid 47191567648512] (111)Connection refused: AH00957: http: attempt to connect to 127.0.0.1:2079 (127.0.0.1:2079) failed
[Fri May 19 04:02:59.840079 2023] [proxy_http:error] [pid 11051:tid 47191567648512] [client 54.227.188.19:59036] AH01114: HTTP: failed to make connection to backend: 127.0.0.1, referer: https://www.google.com/
[Fri May 19 04:02:59.955061 2023] [proxy:error] [pid 11048:tid 47191486940928] (111)Connection refused: AH00957: http: attempt to connect to 127.0.0.1:2079 (127.0.0.1:2079) failed
[Fri May 19 04:02:59.955106 2023] [proxy_http:error] [pid 11048:tid 47191486940928] [client 54.227.188.19:59046] AH01114: HTTP: failed to make connection to backend: 127.0.0.1, referer: https://www.google.com/
[Fri May 19 04:02:59.955308 2023] [proxy:error] [pid 11048:tid 47191486940928] (111)Connection refused: AH00957: http: attempt to connect to 127.0.0.1:2079 (127.0.0.1:2079) failed
[Fri May 19 04:02:59.955322 2023] [proxy_http:error] [pid 11048:tid 47191486940928] [client 54.227.188.19:59046] AH01114: HTTP: failed to make connection to backend: 127.0.0.1, referer: https://www.google.com/
[Fri May 19 04:03:00.074426 2023] [proxy:error] [pid 11050:tid 47191590762240] (111)Connection refused: AH00957: http: attempt to connect to 127.0.0.1:2079 (127.0.0.1:2079) failed
[Fri May 19 04:03:00.074488 2023] [proxy_http:error] [pid 11050:tid 47191590762240] [client 54.227.188.19:59060] AH01114: HTTP: failed to make connection to backend: 127.0.0.1, referer: https://www.google.com/
[Fri May 19 04:03:00.074649 2023] [proxy:error] [pid 11050:tid 47191590762240] (111)Connection refused: AH00957: http: attempt to connect to 127.0.0.1:2079 (127.0.0.1:2079) failed
[Fri May 19 04:03:00.074663 2023] [proxy_http:error] [pid 11050:tid 47191590762240] [client 54.227.188.19:59060] AH01114: HTTP: failed to make connection to backend: 127.0.0.1, referer: https://www.google.com/
[Fri May 19 04:03:00.192946 2023] [proxy:error] [pid 11052:tid 47191584458496] (111)Connection refused: AH00957: http: attempt to connect to 127.0.0.1:2079 (127.0.0.1:2079) failed
[Fri May 19 04:03:00.193013 2023] [proxy_http:error] [pid 11052:tid 47191584458496] [client 54.227.188.19:59066] AH01114: HTTP: failed to make connection to backend: 127.0.0.1, referer: https://www.google.com/
[Fri May 19 04:03:00.193153 2023] [proxy:error] [pid 11052:tid 47191584458496] (111)Connection refused: AH00957: http: attempt to connect to 127.0.0.1:2079 (127.0.0.1:2079) failed
[Fri May 19 04:03:00.193165 2023] [proxy_http:error] [pid 11052:tid 47191584458496] [client 54.227.188.19:59066] AH01114: HTTP: failed to make connection to backend: 127.0.0.1, referer: https://www.google.com/
[Fri May 19 04:03:00.307461 2023] [proxy:error] [pid 11049:tid 47191588660992] (111)Connection refused: AH00957: http: attempt to connect to 127.0.0.1:2079 (127.0.0.1:2079) failed
[Fri May 19 04:03:00.307520 2023] [proxy_http:error] [pid 11049:tid 47191588660992] [client 54.227.188.19:59068] AH01114: HTTP: failed to make connection to backend: 127.0.0.1, referer: https://www.google.com/
[Fri May 19 04:03:00.307664 2023] [proxy:error] [pid 11049:tid 47191588660992] (111)Connection refused: AH00957: http: attempt to connect to 127.0.0.1:2079 (127.0.0.1:2079) failed
