[Sun May 21 21:10:57.688887 2023] [proxy_http:error] [pid 5994:tid 47216882398976] [client 20.14.170.32:54070] AH01114: HTTP: failed to make connection to backend: 127.0.0.1
[Sun May 21 21:10:58.417338 2023] [proxy:error] [pid 5997:tid 47216876095232] (111)Connection refused: AH00957: http: attempt to connect to 127.0.0.1:2079 (127.0.0.1:2079) failed
[Sun May 21 21:10:58.417393 2023] [proxy_http:error] [pid 5997:tid 47216876095232] [client 20.14.170.32:54207] AH01114: HTTP: failed to make connection to backend: 127.0.0.1
[Sun May 21 21:10:58.417559 2023] [proxy:error] [pid 5997:tid 47216876095232] (111)Connection refused: AH00957: http: attempt to connect to 127.0.0.1:2079 (127.0.0.1:2079) failed
[Sun May 21 21:10:58.417571 2023] [proxy_http:error] [pid 5997:tid 47216876095232] [client 20.14.170.32:54207] AH01114: HTTP: failed to make connection to backend: 127.0.0.1
[Sun May 21 21:10:59.051092 2023] [proxy:error] [pid 5996:tid 47216876095232] (111)Connection refused: AH00957: http: attempt to connect to 127.0.0.1:2079 (127.0.0.1:2079) failed
[Sun May 21 21:10:59.051145 2023] [proxy_http:error] [pid 5996:tid 47216876095232] [client 20.14.170.32:54363] AH01114: HTTP: failed to make connection to backend: 127.0.0.1
[Sun May 21 21:10:59.051286 2023] [proxy:error] [pid 5996:tid 47216876095232] (111)Connection refused: AH00957: http: attempt to connect to 127.0.0.1:2079 (127.0.0.1:2079) failed
[Sun May 21 21:10:59.051297 2023] [proxy_http:error] [pid 5996:tid 47216876095232] [client 20.14.170.32:54363] AH01114: HTTP: failed to make connection to backend: 127.0.0.1
[Sun May 21 21:10:59.943793 2023] [proxy:error] [pid 5995:tid 47216878196480] (111)Connection refused: AH00957: http: attempt to connect to 127.0.0.1:2079 (127.0.0.1:2079) failed
[Sun May 21 21:10:59.943839 2023] [proxy_http:error] [pid 5995:tid 47216878196480] [client 20.14.170.32:54495] AH01114: HTTP: failed to make connection to backend: 127.0.0.1
[Sun May 21 21:10:59.943983 2023] [proxy:error] [pid 5995:tid 47216878196480] (111)Connection refused: AH00957: http: attempt to connect to 127.0.0.1:2079 (127.0.0.1:2079) failed
[Sun May 21 21:10:59.943993 2023] [proxy_http:error] [pid 5995:tid 47216878196480] [client 20.14.170.32:54495] AH01114: HTTP: failed to make connection to backend: 127.0.0.1
[Sun May 21 21:11:00.755717 2023] [proxy:error] [pid 5998:tid 47216886601472] (111)Connection refused: AH00957: http: attempt to connect to 127.0.0.1:2079 (127.0.0.1:2079) failed
[Sun May 21 21:11:00.755763 2023] [proxy_http:error] [pid 5998:tid 47216886601472] [client 20.14.170.32:54625] AH01114: HTTP: failed to make connection to backend: 127.0.0.1
[Sun May 21 21:11:00.755900 2023] [proxy:error] [pid 5998:tid 47216886601472] (111)Connection refused: AH00957: http: attempt to connect to 127.0.0.1:2079 (127.0.0.1:2079) failed
[Sun May 21 21:11:00.755912 2023] [proxy_http:error] [pid 5998:tid 47216886601472] [client 20.14.170.32:54625] AH01114: HTTP: failed to make connection to backend: 127.0.0.1
[Sun May 21 21:11:01.406155 2023] [proxy:error] [pid 5994:tid 47216901310208] (111)Connection refused: AH00957: http: attempt to connect to 127.0.0.1:2079 (127.0.0.1:2079) failed
[Sun May 21 21:11:01.406217 2023] [proxy_http:error] [pid 5994:tid 47216901310208] [client 20.14.170.32:54761] AH01114: HTTP: failed to make connection to backend: 127.0.0.1
[Sun May 21 21:11:01.406396 2023] [proxy:error] [pid 5994:tid 47216901310208] (111)Connection refused: AH00957: http: attempt to connect to 127.0.0.1:2079 (127.0.0.1:2079) failed
[Sun May 21 21:11:01.406411 2023] [proxy_http:error] [pid 5994:tid 47216901310208] [client 20.14.170.32:54761] AH01114: HTTP: failed to make connection to backend: 127.0.0.1
[Sun May 21 21:11:01.911601 2023] [proxy:error] [pid 5997:tid 47216882398976] (111)Connection refused: AH00957: http: attempt to connect to 127.0.0.1:2079 (127.0.0.1:2079) failed
[Sun May 21 21:11:01.911656 2023] [proxy_http:error] [pid 5997:tid 47216882398976] [client 20.14.170.32:54854] AH01114: HTTP: failed to make connection to backend: 127.0.0.1
[Sun May 21 21:11:01.911838 2023] [proxy:error] [pid 5997:tid 47216882398976] (111)Connection refused: AH00957: http: attempt to connect to 127.0.0.1:2079 (127.0.0.1:2079) failed
[Sun May 21 21:11:01.911850 2023] [proxy_http:error] [pid 5997:tid 47216882398976] [client 20.14.170.32:54854] AH01114: HTTP: failed to make connection to backend: 127.0.0.1
[Sun May 21 21:11:02.573503 2023] [proxy:error] [pid 5996:tid 47216863487744] (111)Connection refused: AH00957: http: attempt to connect to 127.0.0.1:2079 (127.0.0.1:2079) failed
[Sun May 21 21:11:02.573560 2023] [proxy_http:error] [pid 5996:tid 47216863487744] [client 20.14.170.32:54966] AH01114: HTTP: failed to make connection to backend: 127.0.0.1
[Sun May 21 21:11:02.573730 2023] [proxy:error] [pid 5996:tid 47216863487744] (111)Connection refused: AH00957: http: attempt to connect to 127.0.0.1:2079 (127.0.0.1:2079) failed
[Sun May 21 21:11:02.573742 2023] [proxy_http:error] [pid 5996:tid 47216863487744] [client 20.14.170.32:54966] AH01114: HTTP: failed to make connection to backend: 127.0.0.1
[Sun May 21 21:11:03.390975 2023] [proxy:error] [pid 5995:tid 47216871892736] (111)Connection refused: AH00957: http: attempt to connect to 127.0.0.1:2079 (127.0.0.1:2079) failed
[Sun May 21 21:11:03.391019 2023] [proxy_http:error] [pid 5995:tid 47216871892736] [client 20.14.170.32:55076] AH01114: HTTP: failed to make connection to backend: 127.0.0.1
[Sun May 21 21:11:03.391142 2023] [proxy:error] [pid 5995:tid 47216871892736] (111)Connection refused: AH00957: http: attempt to connect to 127.0.0.1:2079 (127.0.0.1:2079) failed
[Sun May 21 21:11:03.391150 2023] [proxy_http:error] [pid 5995:tid 47216871892736] [client 20.14.170.32:55076] AH01114: HTTP: failed to make connection to backend: 127.0.0.1
[Sun May 21 21:11:03.901126 2023] [proxy:error] [pid 5998:tid 47216859285248] (111)Connection refused: AH00957: http: attempt to connect to 127.0.0.1:2079 (127.0.0.1:2079) failed
[Sun May 21 21:11:03.901181 2023] [proxy_http:error] [pid 5998:tid 47216859285248] [client 20.14.170.32:55207] AH01114: HTTP: failed to make connection to backend: 127.0.0.1
[Sun May 21 21:11:03.901328 2023] [proxy:error] [pid 5998:tid 47216859285248] (111)Connection refused: AH00957: http: attempt to connect to 127.0.0.1:2079 (127.0.0.1:2079) failed
[Sun May 21 21:11:03.901353 2023] [proxy_http:error] [pid 5998:tid 47216859285248] [client 20.14.170.32:55207] AH01114: HTTP: failed to make connection to backend: 127.0.0.1
[Sun May 21 21:11:05.073857 2023] [proxy:error] [pid 5994:tid 47216899208960] (111)Connection refused: AH00957: http: attempt to connect to 127.0.0.1:2079 (127.0.0.1:2079) failed
[Sun May 21 21:11:05.073903 2023] [proxy_http:error] [pid 5994:tid 47216899208960] [client 20.14.170.32:55340] AH01114: HTTP: failed to make connection to backend: 127.0.0.1
[Sun May 21 21:11:05.074036 2023] [proxy:error] [pid 5994:tid 47216899208960] (111)Connection refused: AH00957: http: attempt to connect to 127.0.0.1:2079 (127.0.0.1:2079) failed
[Sun May 21 21:11:05.074045 2023] [proxy_http:error] [pid 5994:tid 47216899208960] [client 20.14.170.32:55340] AH01114: HTTP: failed to make connection to backend: 127.0.0.1
[Sun May 21 21:11:06.012610 2023] [proxy:error] [pid 5997:tid 47216859285248] (111)Connection refused: AH00957: http: attempt to connect to 127.0.0.1:2079 (127.0.0.1:2079) failed
[Sun May 21 21:11:06.012669 2023] [proxy_http:error] [pid 5997:tid 47216859285248] [client 20.14.170.32:55556] AH01114: HTTP: failed to make connection to backend: 127.0.0.1
[Sun May 21 21:11:06.012837 2023] [proxy:error] [pid 5997:tid 47216859285248] (111)Connection refused: AH00957: http: attempt to connect to 127.0.0.1:2079 (127.0.0.1:2079) failed
[Sun May 21 21:11:06.012854 2023] [proxy_http:error] [pid 5997:tid 47216859285248] [client 20.14.170.32:55556] AH01114: HTTP: failed to make connection to backend: 127.0.0.1
[Sun May 21 21:11:06.666897 2023] [proxy:error] [pid 5996:tid 47216901310208] (111)Connection refused: AH00957: http: attempt to connect to 127.0.0.1:2079 (127.0.0.1:2079) failed
[Sun May 21 21:11:06.666950 2023] [proxy_http:error] [pid 5996:tid 47216901310208] [client 20.14.170.32:55714] AH01114: HTTP: failed to make connection to backend: 127.0.0.1
[Sun May 21 21:11:06.667118 2023] [proxy:error] [pid 5996:tid 47216901310208] (111)Connection refused: AH00957: http: attempt to connect to 127.0.0.1:2079 (127.0.0.1:2079) failed
[Sun May 21 21:11:06.667135 2023] [proxy_http:error] [pid 5996:tid 47216901310208] [client 20.14.170.32:55714] AH01114: HTTP: failed to make connection to backend: 127.0.0.1
[Sun May 21 21:11:07.134129 2023] [proxy:error] [pid 5995:tid 47216859285248] (111)Connection refused: AH00957: http: attempt to connect to 127.0.0.1:2079 (127.0.0.1:2079) failed
[Sun May 21 21:11:07.134176 2023] [proxy_http:error] [pid 5995:tid 47216859285248] [client 20.14.170.32:55793] AH01114: HTTP: failed to make connection to backend: 127.0.0.1
[Sun May 21 21:11:07.134321 2023] [proxy:error] [pid 5995:tid 47216859285248] (111)Connection refused: AH00957: http: attempt to connect to 127.0.0.1:2079 (127.0.0.1:2079) failed
[Sun May 21 21:11:07.134333 2023] [proxy_http:error] [pid 5995:tid 47216859285248] [client 20.14.170.32:55793] AH01114: HTTP: failed to make connection to backend: 127.0.0.1
[Sun May 21 21:11:07.884115 2023] [proxy:error] [pid 5998:tid 47216888702720] (111)Connection refused: AH00957: http: attempt to connect to 127.0.0.1:2079 (127.0.0.1:2079) failed
[Sun May 21 21:11:07.884170 2023] [proxy_http:error] [pid 5998:tid 47216888702720] [client 20.14.170.32:55902] AH01114: HTTP: failed to make connection to backend: 127.0.0.1
[Sun May 21 21:11:07.884350 2023] [proxy:error] [pid 5998:tid 47216888702720] (111)Connection refused: AH00957: http: attempt to connect to 127.0.0.1:2079 (127.0.0.1:2079) failed
[Sun May 21 21:11:07.884366 2023] [proxy_http:error] [pid 5998:tid 47216888702720] [client 20.14.170.32:55902] AH01114: HTTP: failed to make connection to backend: 127.0.0.1
[Sun May 21 21:11:08.720133 2023] [proxy:error] [pid 5994:tid 47216788010752] (111)Connection refused: AH00957: http: attempt to connect to 127.0.0.1:2079 (127.0.0.1:2079) failed
[Sun May 21 21:11:08.720187 2023] [proxy_http:error] [pid 5994:tid 47216788010752] [client 20.14.170.32:56020] AH01114: HTTP: failed to make connection to backend: 127.0.0.1
[Sun May 21 21:11:08.720344 2023] [proxy:error] [pid 5994:tid 47216788010752] (111)Connection refused: AH00957: http: attempt to connect to 127.0.0.1:2079 (127.0.0.1:2079) failed
[Sun May 21 21:11:08.720355 2023] [proxy_http:error] [pid 5994:tid 47216788010752] [client 20.14.170.32:56020] AH01114: HTTP: failed to make connection to backend: 127.0.0.1
[Sun May 21 21:11:09.045227 2023] [proxy:error] [pid 5997:tid 47216895006464] (111)Connection refused: AH00957: http: attempt to connect to 127.0.0.1:2079 (127.0.0.1:2079) failed
[Sun May 21 21:11:09.045281 2023] [proxy_http:error] [pid 5997:tid 47216895006464] [client 20.14.170.32:56137] AH01114: HTTP: failed to make connection to backend: 127.0.0.1
[Sun May 21 21:11:09.045446 2023] [proxy:error] [pid 5997:tid 47216895006464] (111)Connection refused: AH00957: http: attempt to connect to 127.0.0.1:2079 (127.0.0.1:2079) failed
[Sun May 21 21:11:09.045477 2023] [proxy_http:error] [pid 5997:tid 47216895006464] [client 20.14.170.32:56137] AH01114: HTTP: failed to make connection to backend: 127.0.0.1
[Sun May 21 21:11:09.670135 2023] [proxy:error] [pid 5996:tid 47216859285248] (111)Connection refused: AH00957: http: attempt to connect to 127.0.0.1:2079 (127.0.0.1:2079) failed
[Sun May 21 21:11:09.670188 2023] [proxy_http:error] [pid 5996:tid 47216859285248] [client 20.14.170.32:56221] AH01114: HTTP: failed to make connection to backend: 127.0.0.1
[Sun May 21 21:11:09.670326 2023] [proxy:error] [pid 5996:tid 47216859285248] (111)Connection refused: AH00957: http: attempt to connect to 127.0.0.1:2079 (127.0.0.1:2079) failed
[Sun May 21 21:11:09.670335 2023] [proxy_http:error] [pid 5996:tid 47216859285248] [client 20.14.170.32:56221] AH01114: HTTP: failed to make connection to backend: 127.0.0.1
[Sun May 21 21:11:10.372325 2023] [proxy:error] [pid 5995:tid 47216897107712] (111)Connection refused: AH00957: http: attempt to connect to 127.0.0.1:2079 (127.0.0.1:2079) failed
[Sun May 21 21:11:10.372379 2023] [proxy_http:error] [pid 5995:tid 47216897107712] [client 20.14.170.32:56359] AH01114: HTTP: failed to make connection to backend: 127.0.0.1
[Sun May 21 21:11:10.372530 2023] [proxy:error] [pid 5995:tid 47216897107712] (111)Connection refused: AH00957: http: attempt to connect to 127.0.0.1:2079 (127.0.0.1:2079) failed
[Sun May 21 21:11:10.372539 2023] [proxy_http:error] [pid 5995:tid 47216897107712] [client 20.14.170.32:56359] AH01114: HTTP: failed to make connection to backend: 127.0.0.1
[Sun May 21 21:11:11.678800 2023] [proxy:error] [pid 5998:tid 47216882398976] (111)Connection refused: AH00957: http: attempt to connect to 127.0.0.1:2079 (127.0.0.1:2079) failed
[Sun May 21 21:11:11.678861 2023] [proxy_http:error] [pid 5998:tid 47216882398976] [client 20.14.170.32:56521] AH01114: HTTP: failed to make connection to backend: 127.0.0.1
[Sun May 21 21:11:11.679039 2023] [proxy:error] [pid 5998:tid 47216882398976] (111)Connection refused: AH00957: http: attempt to connect to 127.0.0.1:2079 (127.0.0.1:2079) failed
[Sun May 21 21:11:11.679054 2023] [proxy_http:error] [pid 5998:tid 47216882398976] [client 20.14.170.32:56521] AH01114: HTTP: failed to make connection to backend: 127.0.0.1
[Sun May 21 21:11:12.190664 2023] [proxy:error] [pid 5994:tid 47216861386496] (111)Connection refused: AH00957: http: attempt to connect to 127.0.0.1:2079 (127.0.0.1:2079) failed
[Sun May 21 21:11:12.190719 2023] [proxy_http:error] [pid 5994:tid 47216861386496] [client 20.14.170.32:56667] AH01114: HTTP: failed to make connection to backend: 127.0.0.1
[Sun May 21 21:11:12.190862 2023] [proxy:error] [pid 5994:tid 47216861386496] (111)Connection refused: AH00957: http: attempt to connect to 127.0.0.1:2079 (127.0.0.1:2079) failed
[Sun May 21 21:11:12.190873 2023] [proxy_http:error] [pid 5994:tid 47216861386496] [client 20.14.170.32:56667] AH01114: HTTP: failed to make connection to backend: 127.0.0.1
[Sun May 21 21:11:12.839301 2023] [proxy:error] [pid 5997:tid 47216867690240] (111)Connection refused: AH00957: http: attempt to connect to 127.0.0.1:2079 (127.0.0.1:2079) failed
[Sun May 21 21:11:12.839360 2023] [proxy_http:error] [pid 5997:tid 47216867690240] [client 20.14.170.32:56777] AH01114: HTTP: failed to make connection to backend: 127.0.0.1
[Sun May 21 21:11:12.839546 2023] [proxy:error] [pid 5997:tid 47216867690240] (111)Connection refused: AH00957: http: attempt to connect to 127.0.0.1:2079 (127.0.0.1:2079) failed
[Sun May 21 21:11:12.839558 2023] [proxy_http:error] [pid 5997:tid 47216867690240] [client 20.14.170.32:56777] AH01114: HTTP: failed to make connection to backend: 127.0.0.1
[Sun May 21 21:11:13.687510 2023] [proxy:error] [pid 5996:tid 47216890803968] (111)Connection refused: AH00957: http: attempt to connect to 127.0.0.1:2079 (127.0.0.1:2079) failed
[Sun May 21 21:11:13.687567 2023] [proxy_http:error] [pid 5996:tid 47216890803968] [client 20.14.170.32:56902] AH01114: HTTP: failed to make connection to backend: 127.0.0.1
[Sun May 21 21:11:13.687691 2023] [proxy:error] [pid 5996:tid 47216890803968] (111)Connection refused: AH00957: http: attempt to connect to 127.0.0.1:2079 (127.0.0.1:2079) failed
[Sun May 21 21:11:13.687699 2023] [proxy_http:error] [pid 5996:tid 47216890803968] [client 20.14.170.32:56902] AH01114: HTTP: failed to make connection to backend: 127.0.0.1
[Sun May 21 21:11:14.497849 2023] [proxy:error] [pid 5995:tid 47216884500224] (111)Connection refused: AH00957: http: attempt to connect to 127.0.0.1:2079 (127.0.0.1:2079) failed
[Sun May 21 21:11:14.497897 2023] [proxy_http:error] [pid 5995:tid 47216884500224] [client 20.14.170.32:57061] AH01114: HTTP: failed to make connection to backend: 127.0.0.1
[Sun May 21 21:11:14.498020 2023] [proxy:error] [pid 5995:tid 47216884500224] (111)Connection refused: AH00957: http: attempt to connect to 127.0.0.1:2079 (127.0.0.1:2079) failed
[Sun May 21 21:11:14.498028 2023] [proxy_http:error] [pid 5995:tid 47216884500224] [client 20.14.170.32:57061] AH01114: HTTP: failed to make connection to backend: 127.0.0.1
[Sun May 21 21:11:15.216247 2023] [proxy:error] [pid 5998:tid 47216903411456] (111)Connection refused: AH00957: http: attempt to connect to 127.0.0.1:2079 (127.0.0.1:2079) failed
[Sun May 21 21:11:15.216301 2023] [proxy_http:error] [pid 5998:tid 47216903411456] [client 20.14.170.32:57201] AH01114: HTTP: failed to make connection to backend: 127.0.0.1
[Sun May 21 21:11:15.216512 2023] [proxy:error] [pid 5998:tid 47216903411456] (111)Connection refused: AH00957: http: attempt to connect to 127.0.0.1:2079 (127.0.0.1:2079) failed
[Sun May 21 21:11:15.216527 2023] [proxy_http:error] [pid 5998:tid 47216903411456] [client 20.14.170.32:57201] AH01114: HTTP: failed to make connection to backend: 127.0.0.1
[Sun May 21 21:11:16.023141 2023] [proxy:error] [pid 5994:tid 47216897107712] (111)Connection refused: AH00957: http: attempt to connect to 127.0.0.1:2079 (127.0.0.1:2079) failed
[Sun May 21 21:11:16.023193 2023] [proxy_http:error] [pid 5994:tid 47216897107712] [client 20.14.170.32:57306] AH01114: HTTP: failed to make connection to backend: 127.0.0.1
[Sun May 21 21:11:16.023338 2023] [proxy:error] [pid 5994:tid 47216897107712] (111)Connection refused: AH00957: http: attempt to connect to 127.0.0.1:2079 (127.0.0.1:2079) failed
[Sun May 21 21:11:16.023348 2023] [proxy_http:error] [pid 5994:tid 47216897107712] [client 20.14.170.32:57306] AH01114: HTTP: failed to make connection to backend: 127.0.0.1
[Sun May 21 21:11:16.497271 2023] [proxy:error] [pid 5997:tid 47216788010752] (111)Connection refused: AH00957: http: attempt to connect to 127.0.0.1:2079 (127.0.0.1:2079) failed
[Sun May 21 21:11:16.497319 2023] [proxy_http:error] [pid 5997:tid 47216788010752] [client 20.14.170.32:57431] AH01114: HTTP: failed to make connection to backend: 127.0.0.1
[Sun May 21 21:11:16.497518 2023] [proxy:error] [pid 5997:tid 47216788010752] (111)Connection refused: AH00957: http: attempt to connect to 127.0.0.1:2079 (127.0.0.1:2079) failed
[Sun May 21 21:11:16.497530 2023] [proxy_http:error] [pid 5997:tid 47216788010752] [client 20.14.170.32:57431] AH01114: HTTP: failed to make connection to backend: 127.0.0.1
[Sun May 21 21:11:17.387509 2023] [proxy:error] [pid 5996:tid 47216880297728] (111)Connection refused: AH00957: http: attempt to connect to 127.0.0.1:2079 (127.0.0.1:2079) failed
[Sun May 21 21:11:17.387593 2023] [proxy_http:error] [pid 5996:tid 47216880297728] [client 20.14.170.32:57591] AH01114: HTTP: failed to make connection to backend: 127.0.0.1
[Sun May 21 21:11:17.387790 2023] [proxy:error] [pid 5996:tid 47216880297728] (111)Connection refused: AH00957: http: attempt to connect to 127.0.0.1:2079 (127.0.0.1:2079) failed
[Sun May 21 21:11:17.387805 2023] [proxy_http:error] [pid 5996:tid 47216880297728] [client 20.14.170.32:57591] AH01114: HTTP: failed to make connection to backend: 127.0.0.1
[Sun May 21 21:11:17.836949 2023] [proxy:error] [pid 5995:tid 47216899208960] (111)Connection refused: AH00957: http: attempt to connect to 127.0.0.1:2079 (127.0.0.1:2079) failed
[Sun May 21 21:11:17.837003 2023] [proxy_http:error] [pid 5995:tid 47216899208960] [client 20.14.170.32:57694] AH01114: HTTP: failed to make connection to backend: 127.0.0.1
[Sun May 21 21:11:17.837163 2023] [proxy:error] [pid 5995:tid 47216899208960] (111)Connection refused: AH00957: http: attempt to connect to 127.0.0.1:2079 (127.0.0.1:2079) failed
[Sun May 21 21:11:17.837176 2023] [proxy_http:error] [pid 5995:tid 47216899208960] [client 20.14.170.32:57694] AH01114: HTTP: failed to make connection to backend: 127.0.0.1
[Sun May 21 21:11:18.675405 2023] [proxy:error] [pid 5998:tid 47216890803968] (111)Connection refused: AH00957: http: attempt to connect to 127.0.0.1:2079 (127.0.0.1:2079) failed
[Sun May 21 21:11:18.675516 2023] [proxy_http:error] [pid 5998:tid 47216890803968] [client 20.14.170.32:57804] AH01114: HTTP: failed to make connection to backend: 127.0.0.1
[Sun May 21 21:11:18.675718 2023] [proxy:error] [pid 5998:tid 47216890803968] (111)Connection refused: AH00957: http: attempt to connect to 127.0.0.1:2079 (127.0.0.1:2079) failed
[Sun May 21 21:11:18.675732 2023] [proxy_http:error] [pid 5998:tid 47216890803968] [client 20.14.170.32:57804] AH01114: HTTP: failed to make connection to backend: 127.0.0.1
[Sun May 21 21:11:19.714300 2023] [proxy:error] [pid 5994:tid 47216876095232] (111)Connection refused: AH00957: http: attempt to connect to 127.0.0.1:2079 (127.0.0.1:2079) failed
[Sun May 21 21:11:19.714358 2023] [proxy_http:error] [pid 5994:tid 47216876095232] [client 20.14.170.32:57958] AH01114: HTTP: failed to make connection to backend: 127.0.0.1
[Sun May 21 21:11:19.714566 2023] [proxy:error] [pid 5994:tid 47216876095232] (111)Connection refused: AH00957: http: attempt to connect to 127.0.0.1:2079 (127.0.0.1:2079) failed
[Sun May 21 21:11:19.714581 2023] [proxy_http:error] [pid 5994:tid 47216876095232] [client 20.14.170.32:57958] AH01114: HTTP: failed to make connection to backend: 127.0.0.1
[Sun May 21 21:11:21.071581 2023] [proxy:error] [pid 5997:tid 47216869791488] (111)Connection refused: AH00957: http: attempt to connect to 127.0.0.1:2079 (127.0.0.1:2079) failed
[Sun May 21 21:11:21.071643 2023] [proxy_http:error] [pid 5997:tid 47216869791488] [client 20.14.170.32:58197] AH01114: HTTP: failed to make connection to backend: 127.0.0.1
[Sun May 21 21:11:21.071878 2023] [proxy:error] [pid 5997:tid 47216869791488] (111)Connection refused: AH00957: http: attempt to connect to 127.0.0.1:2079 (127.0.0.1:2079) failed
[Sun May 21 21:11:21.071891 2023] [proxy_http:error] [pid 5997:tid 47216869791488] [client 20.14.170.32:58197] AH01114: HTTP: failed to make connection to backend: 127.0.0.1
[Sun May 21 21:29:06.754690 2023] [core:error] [pid 5997:tid 47216903411456] (104)Connection reset by peer: [client 54.156.251.183:50264] AH00574: ap_content_length_filter: apr_bucket_read() failed
[Sun May 21 21:29:15.087619 2023] [core:error] [pid 5998:tid 47216871892736] (104)Connection reset by peer: [client 134.213.213.135:56598] AH00574: ap_content_length_filter: apr_bucket_read() failed
[Sun May 21 21:29:31.096903 2023] [core:error] [pid 5995:tid 47216901310208] (104)Connection reset by peer: [client 159.89.197.102:46744] AH00574: ap_content_length_filter: apr_bucket_read() failed
[Sun May 21 21:29:35.218593 2023] [core:error] [pid 5997:tid 47216897107712] (104)Connection reset by peer: [client 82.196.8.42:33920] AH00574: ap_content_length_filter: apr_bucket_read() failed
[Sun May 21 21:29:36.698572 2023] [core:error] [pid 5996:tid 47216907613952] (104)Connection reset by peer: [client 68.70.163.38:46978] AH00574: ap_content_length_filter: apr_bucket_read() failed
[Sun May 21 21:29:36.976888 2023] [core:error] [pid 5997:tid 47216899208960] (104)Connection reset by peer: [client 140.238.226.252:5486] AH00574: ap_content_length_filter: apr_bucket_read() failed
[Sun May 21 21:29:41.632682 2023] [core:error] [pid 5994:tid 47216895006464] (104)Connection reset by peer: [client 37.59.66.246:33344] AH00574: ap_content_length_filter: apr_bucket_read() failed
[Sun May 21 21:29:49.952654 2023] [core:error] [pid 5995:tid 47216876095232] (104)Connection reset by peer: [client 134.213.213.135:60622] AH00574: ap_content_length_filter: apr_bucket_read() failed
[Sun May 21 21:31:21.141035 2023] [ssl:error] [pid 5998:tid 47216888702720] [client 167.248.133.189:41914] AH02032: Hostname numeros.ivanacosta.com provided via SNI and hostname 162.144.236.190 provided via HTTP have no compatible SSL setup
[Sun May 21 21:56:49.207522 2023] [ssl:error] [pid 5998:tid 47216899208960] [client 18.231.100.85:34510] AH02032: Hostname asosupro.gov.co provided via SNI and hostname aws.oast.online provided via HTTP have no compatible SSL setup
[Sun May 21 21:56:51.010351 2023] [ssl:error] [pid 5994:tid 47216907613952] [client 18.231.100.85:34524] AH02032: Hostname asosupro.gov.co provided via SNI and hostname 169.254.169.254 provided via HTTP have no compatible SSL setup
[Sun May 21 22:09:48.575382 2023] [core:error] [pid 5997:tid 47216861386496] (104)Connection reset by peer: [client 177.85.101.47:50098] AH00574: ap_content_length_filter: apr_bucket_read() failed
[Sun May 21 22:09:56.864397 2023] [core:error] [pid 5994:tid 47216903411456] (104)Connection reset by peer: [client 88.135.68.72:33284] AH00574: ap_content_length_filter: apr_bucket_read() failed
[Sun May 21 22:10:14.589839 2023] [core:error] [pid 5997:tid 47216876095232] (104)Connection reset by peer: [client 5.189.149.21:48758] AH00574: ap_content_length_filter: apr_bucket_read() failed
[Sun May 21 22:10:26.762692 2023] [core:error] [pid 5997:tid 47216882398976] (104)Connection reset by peer: [client 78.46.134.136:48890] AH00574: ap_content_length_filter: apr_bucket_read() failed
[Sun May 21 22:10:30.027683 2023] [core:error] [pid 5998:tid 47216859285248] (104)Connection reset by peer: [client 31.214.178.86:44164] AH00574: ap_content_length_filter: apr_bucket_read() failed
[Sun May 21 22:10:33.425796 2023] [core:error] [pid 5996:tid 47216901310208] (104)Connection reset by peer: [client 37.59.66.246:36660] AH00574: ap_content_length_filter: apr_bucket_read() failed
[Sun May 21 22:12:32.051041 2023] [:error] [pid 5994:tid 47216876095232] [client 152.89.196.144:32774] File does not exist: /var/www/html/index.php
[Sun May 21 22:18:25.388949 2023] [:error] [pid 5994:tid 47216884500224] [client 152.89.196.144:57574] File does not exist: /var/www/html/index.php
[Sun May 21 22:29:28.979218 2023] [proxy_fcgi:error] [pid 5995:tid 47216865588992] [client 18.231.100.85:41064] AH01071: Got error 'Primary script unknown\n'
[Sun May 21 22:49:26.974039 2023] [proxy_fcgi:error] [pid 5994:tid 47216884500224] [client 18.231.100.85:43158] AH01071: Got error 'Primary script unknown\n'
[Sun May 21 23:28:06.453066 2023] [core:error] [pid 5996:tid 47216873993984] (104)Connection reset by peer: [client 95.163.104.122:35594] AH00574: ap_content_length_filter: apr_bucket_read() failed
[Sun May 21 23:28:08.664098 2023] [core:error] [pid 5994:tid 47216876095232] (104)Connection reset by peer: [client 91.211.244.49:48538] AH00574: ap_content_length_filter: apr_bucket_read() failed
[Sun May 21 23:28:18.357526 2023] [core:error] [pid 5995:tid 47216884500224] (104)Connection reset by peer: [client 23.224.55.76:35304] AH00574: ap_content_length_filter: apr_bucket_read() failed
[Sun May 21 23:28:23.087159 2023] [core:error] [pid 5997:tid 47216788010752] (104)Connection reset by peer: [client 156.67.218.98:55772] AH00574: ap_content_length_filter: apr_bucket_read() failed
[Sun May 21 23:28:34.914321 2023] [core:error] [pid 5998:tid 47216873993984] (104)Connection reset by peer: [client 163.172.168.158:36982] AH00574: ap_content_length_filter: apr_bucket_read() failed
[Sun May 21 23:28:37.173004 2023] [core:error] [pid 5996:tid 47216903411456] (104)Connection reset by peer: [client 207.180.239.33:52408] AH00574: ap_content_length_filter: apr_bucket_read() failed
[Sun May 21 23:48:28.036003 2023] [proxy_fcgi:error] [pid 5995:tid 47216892905216] [client 95.214.26.15:61877] AH01071: Got error 'Primary script unknown\n'
[Sun May 21 23:52:54.962186 2023] [proxy_fcgi:error] [pid 5996:tid 47216876095232] [client 18.231.100.85:53622] AH01071: Got error 'Primary script unknown\n'
[Mon May 22 00:10:22.411018 2023] [core:error] [pid 5995:tid 47216873993984] (104)Connection reset by peer: [client 157.245.146.210:56042] AH00574: ap_content_length_filter: apr_bucket_read() failed
[Mon May 22 00:10:24.756448 2023] [core:error] [pid 5997:tid 47216878196480] (104)Connection reset by peer: [client 78.46.134.136:53560] AH00574: ap_content_length_filter: apr_bucket_read() failed
[Mon May 22 00:10:33.381166 2023] [core:error] [pid 5994:tid 47216863487744] (104)Connection reset by peer: [client 103.172.120.252:55990] AH00574: ap_content_length_filter: apr_bucket_read() failed
[Mon May 22 00:10:36.395811 2023] [core:error] [pid 5995:tid 47216903411456] (104)Connection reset by peer: [client 64.227.108.223:33796] AH00574: ap_content_length_filter: apr_bucket_read() failed
[Mon May 22 00:10:46.329806 2023] [core:error] [pid 5995:tid 47216890803968] (104)Connection reset by peer: [client 89.40.9.247:40100] AH00574: ap_content_length_filter: apr_bucket_read() failed
[Mon May 22 00:10:47.005827 2023] [core:error] [pid 5994:tid 47216907613952] (104)Connection reset by peer: [client 176.221.34.110:39262] AH00574: ap_content_length_filter: apr_bucket_read() failed
[Mon May 22 00:10:49.312597 2023] [core:error] [pid 5995:tid 47216863487744] (104)Connection reset by peer: [client 78.46.134.136:36178] AH00574: ap_content_length_filter: apr_bucket_read() failed
[Mon May 22 00:10:55.699610 2023] [core:error] [pid 5997:tid 47216863487744] (104)Connection reset by peer: [client 119.45.183.140:59220] AH00574: ap_content_length_filter: apr_bucket_read() failed
[Mon May 22 00:17:37.884072 2023] [ssl:error] [pid 5996:tid 47216897107712] [client 162.142.125.216:40532] AH02032: Hostname www.fundacionlacosmopolitana.org provided via SNI and hostname 162.144.236.190 provided via HTTP have no compatible SSL setup
[Mon May 22 00:20:28.561492 2023] [ssl:error] [pid 5995:tid 47216892905216] [client 167.248.133.124:51760] AH02032: Hostname webmail.fundacionlacosmopolitana.org provided via SNI and hostname 162.144.236.190 provided via HTTP have no compatible SSL setup
[Mon May 22 00:22:46.963790 2023] [proxy_fcgi:error] [pid 5995:tid 47216873993984] [client 18.231.100.85:40184] AH01071: Got error 'Primary script unknown\n'
[Mon May 22 00:33:59.837479 2023] [core:error] [pid 5994:tid 47216895006464] (104)Connection reset by peer: [client 89.40.9.247:54568] AH00574: ap_content_length_filter: apr_bucket_read() failed
[Mon May 22 00:34:14.495941 2023] [core:error] [pid 5996:tid 47216878196480] (104)Connection reset by peer: [client 163.172.168.158:46648] AH00574: ap_content_length_filter: apr_bucket_read() failed
[Mon May 22 00:34:30.419088 2023] [core:error] [pid 5995:tid 47216905512704] (104)Connection reset by peer: [client 37.251.155.62:33980] AH00574: ap_content_length_filter: apr_bucket_read() failed
[Mon May 22 00:34:32.215478 2023] [core:error] [pid 5997:tid 47216905512704] (104)Connection reset by peer: [client 148.66.145.137:17787] AH00574: ap_content_length_filter: apr_bucket_read() failed
[Mon May 22 00:34:32.402226 2023] [core:error] [pid 5998:tid 47216880297728] (104)Connection reset by peer: [client 144.202.63.236:56038] AH00574: ap_content_length_filter: apr_bucket_read() failed
[Mon May 22 00:35:53.537386 2023] [:error] [pid 5996:tid 47216901310208] [client 95.214.26.15:57389] File does not exist: /var/www/html/rindex.php
[Mon May 22 00:36:24.954975 2023] [core:error] [pid 5994:tid 47216899208960] [client 18.231.100.85:57398] AH10244: invalid URI path (/static/../../../a/../../../../etc/passwd)
[Mon May 22 01:09:25.726364 2023] [authz_core:error] [pid 5994:tid 47216892905216] [client 43.156.253.43:51506] AH01630: client denied by server configuration: /home/juanfernando/public_html/wp-includes
[Mon May 22 01:09:26.128477 2023] [proxy_fcgi:error] [pid 5994:tid 47216892905216] [client 43.156.253.43:51506] AH01071: Got error 'Primary script unknown'
[Mon May 22 01:12:54.077716 2023] [core:error] [pid 5998:tid 47216863487744] [client 152.89.196.144:35210] AH10244: invalid URI path (/cgi-bin/.%2e/.%2e/.%2e/.%2e/bin/sh)
[Mon May 22 01:15:47.238274 2023] [core:error] [pid 5998:tid 47216880297728] [client 152.89.196.144:41046] AH10244: invalid URI path (/cgi-bin/.%2e/.%2e/.%2e/.%2e/bin/sh)
[Mon May 22 01:22:48.291374 2023] [core:error] [pid 5998:tid 47216890803968] (104)Connection reset by peer: [client 91.203.111.18:28282] AH00574: ap_content_length_filter: apr_bucket_read() failed
[Mon May 22 01:22:50.926096 2023] [core:crit] [pid 5997:tid 47216869791488] (13)Permission denied: [client 52.167.144.139:17793] AH00529: /home/asosupro/contratacion.asosupro.gov.co/frontend/web/documentos/.htaccess pcfg_openfile: unable to check htaccess file, ensure it is readable and that '/home/asosupro/contratacion.asosupro.gov.co/frontend/web/documentos/' is executable
[Mon May 22 01:23:04.335602 2023] [core:error] [pid 5994:tid 47216897107712] (104)Connection reset by peer: [client 39.108.208.147:54800] AH00574: ap_content_length_filter: apr_bucket_read() failed
[Mon May 22 01:23:16.852546 2023] [core:error] [pid 5998:tid 47216884500224] (104)Connection reset by peer: [client 103.179.190.218:59746] AH00574: ap_content_length_filter: apr_bucket_read() failed
[Mon May 22 01:23:25.316082 2023] [core:error] [pid 5995:tid 47216882398976] (104)Connection reset by peer: [client 42.194.208.112:47016] AH00574: ap_content_length_filter: apr_bucket_read() failed
[Mon May 22 01:23:38.192553 2023] [core:error] [pid 5996:tid 47216892905216] (104)Connection reset by peer: [client 95.216.64.81:45820] AH00574: ap_content_length_filter: apr_bucket_read() failed
[Mon May 22 01:35:03.209199 2023] [proxy_fcgi:error] [pid 5996:tid 47216871892736] [client 162.158.154.148:65068] AH01071: Got error 'Primary script unknown\n'
[Mon May 22 01:35:03.788381 2023] [proxy_fcgi:error] [pid 5996:tid 47216861386496] [client 162.158.159.108:40070] AH01071: Got error 'Primary script unknown\n', referer: www.google.com
[Mon May 22 01:35:04.157060 2023] [proxy_fcgi:error] [pid 5994:tid 47216865588992] [client 172.70.230.166:42994] AH01071: Got error 'Primary script unknown\n', referer: www.google.com
[Mon May 22 01:35:05.801367 2023] [proxy_fcgi:error] [pid 5994:tid 47216871892736] [client 172.70.110.116:10088] AH01071: Got error 'Primary script unknown\n', referer: www.google.com
[Mon May 22 01:35:05.966320 2023] [proxy_fcgi:error] [pid 5997:tid 47216892905216] [client 172.70.111.137:42354] AH01071: Got error 'Primary script unknown\n', referer: www.google.com
[Mon May 22 01:35:06.146688 2023] [proxy_fcgi:error] [pid 5996:tid 47216869791488] [client 162.158.63.14:64004] AH01071: Got error 'Primary script unknown\n', referer: www.google.com
[Mon May 22 01:35:06.507893 2023] [proxy_fcgi:error] [pid 5995:tid 47216865588992] [client 162.158.63.163:59864] AH01071: Got error 'Primary script unknown\n', referer: www.google.com
[Mon May 22 01:35:08.007282 2023] [proxy_fcgi:error] [pid 5997:tid 47216892905216] [client 172.70.111.137:42354] AH01071: Got error 'Primary script unknown\n', referer: www.google.com
[Mon May 22 01:35:08.179740 2023] [proxy_fcgi:error] [pid 5996:tid 47216861386496] [client 162.158.159.108:40070] AH01071: Got error 'Primary script unknown\n', referer: www.google.com
[Mon May 22 01:35:08.962646 2023] [proxy_fcgi:error] [pid 5996:tid 47216865588992] [client 162.158.154.148:60946] AH01071: Got error 'Primary script unknown\n', referer: www.google.com
[Mon May 22 01:35:09.185015 2023] [proxy_fcgi:error] [pid 5995:tid 47216907613952] [client 172.70.114.103:34640] AH01071: Got error 'Primary script unknown\n', referer: www.google.com
[Mon May 22 01:35:09.258415 2023] [proxy_fcgi:error] [pid 5997:tid 47216863487744] [client 172.70.230.201:13386] AH01071: Got error 'Primary script unknown\n', referer: www.google.com
[Mon May 22 01:35:09.446771 2023] [proxy_fcgi:error] [pid 5998:tid 47216871892736] [client 162.158.63.49:45918] AH01071: Got error 'Primary script unknown\n', referer: www.google.com
[Mon May 22 01:35:09.588507 2023] [proxy_fcgi:error] [pid 5994:tid 47216892905216] [client 162.158.158.223:42782] AH01071: Got error 'Primary script unknown\n', referer: www.google.com
[Mon May 22 01:35:09.784939 2023] [proxy_fcgi:error] [pid 5997:tid 47216880297728] [client 162.158.159.63:28786] AH01071: Got error 'Primary script unknown\n', referer: www.google.com
[Mon May 22 01:35:09.864697 2023] [proxy_fcgi:error] [pid 5997:tid 47216863487744] [client 172.70.230.201:13386] AH01071: Got error 'Primary script unknown\n', referer: www.google.com
[Mon May 22 01:35:10.020630 2023] [proxy_fcgi:error] [pid 5996:tid 47216886601472] [client 172.70.114.198:58324] AH01071: Got error 'Primary script unknown\n', referer: www.google.com
[Mon May 22 01:35:10.109243 2023] [proxy_fcgi:error] [pid 5994:tid 47216905512704] [client 162.158.155.64:29148] AH01071: Got error 'Primary script unknown\n', referer: www.google.com
[Mon May 22 01:35:10.291642 2023] [proxy_fcgi:error] [pid 5998:tid 47216892905216] [client 162.158.155.103:16990] AH01071: Got error 'Primary script unknown\n', referer: www.google.com
[Mon May 22 01:35:10.490427 2023] [proxy_fcgi:error] [pid 5995:tid 47216892905216] [client 172.70.110.129:35130] AH01071: Got error 'Primary script unknown\n', referer: www.google.com
[Mon May 22 01:35:10.627232 2023] [proxy_fcgi:error] [pid 5996:tid 47216861386496] [client 162.158.159.108:40070] AH01071: Got error 'Primary script unknown\n', referer: www.google.com
[Mon May 22 01:35:10.703930 2023] [proxy_fcgi:error] [pid 5997:tid 47216880297728] [client 162.158.159.63:28786] AH01071: Got error 'Primary script unknown\n', referer: www.google.com
[Mon May 22 01:35:10.882358 2023] [proxy_fcgi:error] [pid 5998:tid 47216901310208] [client 172.70.114.35:39650] AH01071: Got error 'Primary script unknown\n', referer: www.google.com
[Mon May 22 01:35:11.043321 2023] [proxy_fcgi:error] [pid 5994:tid 47216895006464] [client 162.158.154.62:19710] AH01071: Got error 'Primary script unknown\n', referer: www.google.com
[Mon May 22 01:35:11.219564 2023] [proxy_fcgi:error] [pid 5997:tid 47216897107712] [client 172.70.230.153:24822] AH01071: Got error 'Primary script unknown\n', referer: www.google.com
[Mon May 22 01:35:11.320434 2023] [proxy_fcgi:error] [pid 5998:tid 47216876095232] [client 172.70.230.45:51730] AH01071: Got error 'Primary script unknown\n', referer: www.google.com
[Mon May 22 01:35:11.419913 2023] [proxy_fcgi:error] [pid 5998:tid 47216892905216] [client 162.158.155.103:16990] AH01071: Got error 'Primary script unknown\n', referer: www.google.com
[Mon May 22 01:35:11.573779 2023] [proxy_fcgi:error] [pid 5996:tid 47216899208960] [client 162.158.62.105:55172] AH01071: Got error 'Primary script unknown\n', referer: www.google.com
[Mon May 22 01:35:11.718036 2023] [proxy_fcgi:error] [pid 5995:tid 47216892905216] [client 172.70.110.129:35130] AH01071: Got error 'Primary script unknown\n', referer: www.google.com
[Mon May 22 01:35:11.791972 2023] [proxy_fcgi:error] [pid 5994:tid 47216871892736] [client 172.70.110.116:10088] AH01071: Got error 'Primary script unknown\n', referer: www.google.com
[Mon May 22 01:35:11.958035 2023] [proxy_fcgi:error] [pid 5997:tid 47216880297728] [client 162.158.159.63:28786] AH01071: Got error 'Primary script unknown\n', referer: www.google.com
[Mon May 22 01:35:12.102193 2023] [proxy_fcgi:error] [pid 5995:tid 47216876095232] [client 162.158.63.163:59596] AH01071: Got error 'Primary script unknown\n', referer: www.google.com
[Mon May 22 01:35:12.319636 2023] [proxy_fcgi:error] [pid 5998:tid 47216878196480] [client 162.158.63.56:13110] AH01071: Got error 'Primary script unknown\n', referer: www.google.com
[Mon May 22 01:35:12.422688 2023] [proxy_fcgi:error] [pid 5997:tid 47216880297728] [client 162.158.159.63:28786] AH01071: Got error 'Primary script unknown\n', referer: www.google.com
[Mon May 22 01:35:12.535141 2023] [proxy_fcgi:error] [pid 5995:tid 47216892905216] [client 172.70.110.129:35130] AH01071: Got error 'Primary script unknown\n', referer: www.google.com
[Mon May 22 01:35:12.611644 2023] [proxy_fcgi:error] [pid 5994:tid 47216871892736] [client 172.70.110.116:10088] AH01071: Got error 'Primary script unknown\n', referer: www.google.com
[Mon May 22 01:35:12.715601 2023] [proxy_fcgi:error] [pid 5997:tid 47216880297728] [client 162.158.159.63:28786] AH01071: Got error 'Primary script unknown\n', referer: www.google.com
[Mon May 22 01:35:13.196121 2023] [proxy_fcgi:error] [pid 5996:tid 47216878196480] [client 172.70.111.109:64488] AH01071: Got error 'Primary script unknown\n', referer: www.google.com
[Mon May 22 01:35:13.396895 2023] [proxy_fcgi:error] [pid 5995:tid 47216901310208] [client 162.158.158.212:65098] AH01071: Got error 'Primary script unknown\n', referer: www.google.com
[Mon May 22 01:35:13.496869 2023] [proxy_fcgi:error] [pid 5997:tid 47216899208960] [client 162.158.159.91:13686] AH01071: Got error 'Primary script unknown\n', referer: www.google.com
[Mon May 22 01:35:13.584573 2023] [proxy_fcgi:error] [pid 5994:tid 47216905512704] [client 162.158.155.64:29148] AH01071: Got error 'Primary script unknown\n', referer: www.google.com
[Mon May 22 01:35:13.664756 2023] [proxy_fcgi:error] [pid 5997:tid 47216880297728] [client 162.158.159.63:28786] AH01071: Got error 'Primary script unknown\n', referer: www.google.com
[Mon May 22 01:35:13.764260 2023] [proxy_fcgi:error] [pid 5997:tid 47216899208960] [client 162.158.159.91:13686] AH01071: Got error 'Primary script unknown\n', referer: www.google.com
[Mon May 22 01:35:13.912365 2023] [proxy_fcgi:error] [pid 5998:tid 47216863487744] [client 172.70.111.138:18956] AH01071: Got error 'Primary script unknown\n', referer: www.google.com
[Mon May 22 01:35:14.085308 2023] [proxy_fcgi:error] [pid 5994:tid 47216882398976] [client 172.70.110.144:34816] AH01071: Got error 'Primary script unknown\n', referer: www.google.com
[Mon May 22 01:35:14.186553 2023] [proxy_fcgi:error] [pid 5994:tid 47216871892736] [client 172.70.110.116:10088] AH01071: Got error 'Primary script unknown\n', referer: www.google.com
[Mon May 22 01:35:14.304701 2023] [proxy_fcgi:error] [pid 5996:tid 47216861386496] [client 162.158.159.108:40070] AH01071: Got error 'Primary script unknown\n', referer: www.google.com
[Mon May 22 01:35:15.067473 2023] [:error] [pid 5995:tid 47216905512704] [client 162.158.62.33:57852] File does not exist: /home/eldorado/public_html/gank.php.PhP, referer: www.google.com
[Mon May 22 01:35:15.171600 2023] [:error] [pid 5994:tid 47216871892736] [client 172.70.110.116:10088] File does not exist: /home/eldorado/public_html/gank.php.PhP, referer: www.google.com
[Mon May 22 01:35:15.252866 2023] [proxy_fcgi:error] [pid 5994:tid 47216905512704] [client 162.158.155.64:29148] AH01071: Got error 'Primary script unknown\n', referer: www.google.com
[Mon May 22 01:35:15.419361 2023] [proxy_fcgi:error] [pid 5998:tid 47216861386496] [client 162.158.63.11:62442] AH01071: Got error 'Primary script unknown\n', referer: www.google.com
[Mon May 22 01:35:15.500225 2023] [:error] [pid 5997:tid 47216880297728] [client 162.158.159.63:28786] File does not exist: /home/eldorado/public_html/.Wp-back.phP, referer: www.google.com
[Mon May 22 01:35:15.621503 2023] [:error] [pid 5996:tid 47216861386496] [client 162.158.159.108:40070] File does not exist: /home/eldorado/public_html/.Wp-back.phP, referer: www.google.com
[Mon May 22 01:35:15.712345 2023] [proxy_fcgi:error] [pid 5997:tid 47216907613952] [client 172.70.114.130:60888] AH01071: Got error 'Primary script unknown\n', referer: www.google.com
[Mon May 22 01:35:15.845299 2023] [proxy_fcgi:error] [pid 5995:tid 47216901310208] [client 162.158.158.212:65098] AH01071: Got error 'Primary script unknown\n', referer: www.google.com
[Mon May 22 01:35:18.016270 2023] [proxy_fcgi:error] [pid 5998:tid 47216886601472] [client 172.70.110.98:21820] AH01071: Got error 'Primary script unknown\n', referer: www.google.com
[Mon May 22 01:35:18.946570 2023] [proxy_fcgi:error] [pid 5997:tid 47216880297728] [client 162.158.159.63:28786] AH01071: Got error 'Primary script unknown\n', referer: www.google.com
[Mon May 22 01:35:19.093776 2023] [proxy_fcgi:error] [pid 5997:tid 47216859285248] [client 162.158.62.182:27918] AH01071: Got error 'Primary script unknown\n', referer: www.google.com
[Mon May 22 01:35:20.247815 2023] [proxy_fcgi:error] [pid 5998:tid 47216859285248] [client 172.70.110.145:57234] AH01071: Got error 'Primary script unknown\n', referer: www.google.com
[Mon May 22 01:35:20.361733 2023] [proxy_fcgi:error] [pid 5996:tid 47216882398976] [client 172.70.114.55:14930] AH01071: Got error 'Primary script unknown\n', referer: www.google.com
[Mon May 22 01:35:21.870397 2023] [proxy_fcgi:error] [pid 5996:tid 47216859285248] [client 162.158.159.108:55822] AH01071: Got error 'Primary script unknown\n', referer: www.google.com
[Mon May 22 01:35:22.044562 2023] [proxy_fcgi:error] [pid 5994:tid 47216788010752] [client 162.158.63.105:17438] AH01071: Got error 'Primary script unknown\n', referer: www.google.com
[Mon May 22 01:35:22.645342 2023] [proxy_fcgi:error] [pid 5995:tid 47216901310208] [client 162.158.158.212:65098] AH01071: Got error 'Primary script unknown\n', referer: www.google.com
[Mon May 22 01:35:22.746704 2023] [proxy_fcgi:error] [pid 5995:tid 47216867690240] [client 162.158.63.14:14970] AH01071: Got error 'Primary script unknown\n', referer: www.google.com
[Mon May 22 01:35:24.260956 2023] [proxy_fcgi:error] [pid 5994:tid 47216903411456] [client 162.158.154.148:49616] AH01071: Got error 'Primary script unknown\n', referer: www.google.com
[Mon May 22 01:35:24.360219 2023] [proxy_fcgi:error] [pid 5996:tid 47216876095232] [client 162.158.154.63:62942] AH01071: Got error 'Primary script unknown\n', referer: www.google.com
[Mon May 22 01:35:24.779329 2023] [proxy_fcgi:error] [pid 5997:tid 47216880297728] [client 162.158.159.63:28786] AH01071: Got error 'Primary script unknown\n', referer: www.google.com
[Mon May 22 01:35:24.867516 2023] [proxy_fcgi:error] [pid 5994:tid 47216871892736] [client 172.70.110.116:10088] AH01071: Got error 'Primary script unknown\n', referer: www.google.com
[Mon May 22 01:35:24.996439 2023] [proxy_fcgi:error] [pid 5997:tid 47216880297728] [client 162.158.159.63:28786] AH01071: Got error 'Primary script unknown\n', referer: www.google.com
[Mon May 22 01:35:25.099776 2023] [proxy_fcgi:error] [pid 5995:tid 47216901310208] [client 162.158.158.212:65098] AH01071: Got error 'Primary script unknown\n', referer: www.google.com
[Mon May 22 01:35:25.203316 2023] [proxy_fcgi:error] [pid 5997:tid 47216895006464] [client 162.158.159.92:19908] AH01071: Got error 'Primary script unknown\n', referer: www.google.com
[Mon May 22 01:35:25.286681 2023] [proxy_fcgi:error] [pid 5995:tid 47216901310208] [client 162.158.158.212:65098] AH01071: Got error 'Primary script unknown\n', referer: www.google.com
[Mon May 22 01:35:25.435448 2023] [proxy_fcgi:error] [pid 5998:tid 47216903411456] [client 162.158.159.39:61522] AH01071: Got error 'Primary script unknown\n', referer: www.google.com
[Mon May 22 01:35:25.519557 2023] [proxy_fcgi:error] [pid 5994:tid 47216903411456] [client 162.158.154.148:49616] AH01071: Got error 'Primary script unknown\n', referer: www.google.com
[Mon May 22 01:35:25.666388 2023] [proxy_fcgi:error] [pid 5994:tid 47216880297728] [client 162.158.159.74:36286] AH01071: Got error 'Primary script unknown\n', referer: www.google.com
[Mon May 22 01:35:25.805552 2023] [proxy_fcgi:error] [pid 5997:tid 47216867690240] [client 162.158.155.104:61162] AH01071: Got error 'Primary script unknown\n', referer: www.google.com
[Mon May 22 01:35:26.040743 2023] [proxy_fcgi:error] [pid 5995:tid 47216897107712] [client 172.70.111.137:42858] AH01071: Got error 'Primary script unknown\n', referer: www.google.com
[Mon May 22 01:35:26.182524 2023] [proxy_fcgi:error] [pid 5996:tid 47216907613952] [client 172.70.114.34:21404] AH01071: Got error 'Primary script unknown\n', referer: www.google.com
[Mon May 22 01:35:26.297909 2023] [proxy_fcgi:error] [pid 5995:tid 47216897107712] [client 172.70.111.137:42858] AH01071: Got error 'Primary script unknown\n', referer: www.google.com
[Mon May 22 01:35:26.390110 2023] [proxy_fcgi:error] [pid 5997:tid 47216880297728] [client 162.158.159.63:28786] AH01071: Got error 'Primary script unknown\n', referer: www.google.com
[Mon May 22 01:35:26.600060 2023] [proxy_fcgi:error] [pid 5995:tid 47216884500224] [client 162.158.63.45:64226] AH01071: Got error 'Primary script unknown\n', referer: www.google.com
[Mon May 22 01:35:26.685691 2023] [proxy_fcgi:error] [pid 5996:tid 47216876095232] [client 162.158.154.63:62942] AH01071: Got error 'Primary script unknown\n', referer: www.google.com
[Mon May 22 01:35:26.865184 2023] [proxy_fcgi:error] [pid 5996:tid 47216859285248] [client 162.158.159.108:55822] AH01071: Got error 'Primary script unknown\n', referer: www.google.com
[Mon May 22 02:06:42.024133 2023] [cgid:error] [pid 5994:tid 47216899208960] [client 222.134.174.76:40726] AH01264: script not found or unable to stat: /var/www/html/setup.cgi
[Mon May 22 02:11:10.856323 2023] [authz_core:error] [pid 5995:tid 47216878196480] [client 43.156.253.43:59092] AH01630: client denied by server configuration: /home/juanfernando/public_html/wp-includes
[Mon May 22 02:11:11.270116 2023] [proxy_fcgi:error] [pid 5995:tid 47216878196480] [client 43.156.253.43:59092] AH01071: Got error 'Primary script unknown'
[Mon May 22 02:12:21.622369 2023] [proxy:error] [pid 5997:tid 47216882398976] (111)Connection refused: AH00957: http: attempt to connect to 127.0.0.1:2079 (127.0.0.1:2079) failed
[Mon May 22 02:12:21.622512 2023] [proxy_http:error] [pid 5997:tid 47216882398976] [client 45.12.253.198:61558] AH01114: HTTP: failed to make connection to backend: 127.0.0.1
[Mon May 22 02:12:21.622674 2023] [proxy:error] [pid 5997:tid 47216882398976] (111)Connection refused: AH00957: http: attempt to connect to 127.0.0.1:2079 (127.0.0.1:2079) failed
[Mon May 22 02:12:21.622685 2023] [proxy_http:error] [pid 5997:tid 47216882398976] [client 45.12.253.198:61558] AH01114: HTTP: failed to make connection to backend: 127.0.0.1
[Mon May 22 02:14:57.692159 2023] [proxy_fcgi:error] [pid 5994:tid 47216903411456] [client 95.214.26.15:63638] AH01071: Got error 'Primary script unknown\n'
