[Fri May 19 13:57:08.397394 2023] [proxy_http:error] [pid 6036:tid 47698835146496] [client 93.90.200.43:55647] AH01114: HTTP: failed to make connection to backend: 127.0.0.1, referer: www.google.com
[Fri May 19 13:57:08.397518 2023] [proxy:error] [pid 6036:tid 47698835146496] (111)Connection refused: AH00957: http: attempt to connect to 127.0.0.1:2079 (127.0.0.1:2079) failed
[Fri May 19 13:57:08.397531 2023] [proxy_http:error] [pid 6036:tid 47698835146496] [client 93.90.200.43:55647] AH01114: HTTP: failed to make connection to backend: 127.0.0.1, referer: www.google.com
[Fri May 19 14:15:23.472143 2023] [:error] [pid 6035:tid 47698758813440] [client 20.163.27.19:58043] File does not exist: /var/www/html/phpinfo.php
[Fri May 19 14:15:23.545559 2023] [:error] [pid 6036:tid 47698839348992] [client 20.163.27.19:58059] File does not exist: /var/www/html/info.php
[Fri May 19 14:15:23.856446 2023] [authz_core:error] [pid 6036:tid 47698752509696] [client 20.163.27.19:64000] AH01630: client denied by server configuration: /var/www/html/php.ini
[Fri May 19 14:18:54.850271 2023] [proxy_fcgi:error] [pid 6041:tid 47698841450240] [client 185.82.212.33:39238] AH01071: Got error 'Primary script unknown'
[Fri May 19 14:18:55.208353 2023] [proxy_fcgi:error] [pid 6035:tid 47698839348992] [client 136.243.226.148:52640] AH01071: Got error 'Primary script unknown'
[Fri May 19 14:18:58.471181 2023] [proxy_fcgi:error] [pid 6037:tid 47698756712192] [client 196.245.9.18:55478] AH01071: Got error 'Primary script unknown'
[Fri May 19 14:18:59.035807 2023] [proxy_fcgi:error] [pid 6038:tid 47698851956480] [client 185.82.212.242:50418] AH01071: Got error 'Primary script unknown'
[Fri May 19 14:19:00.957948 2023] [proxy_fcgi:error] [pid 6036:tid 47698754610944] [client 196.245.9.18:34764] AH01071: Got error 'Primary script unknown'
[Fri May 19 14:19:01.374486 2023] [proxy_fcgi:error] [pid 6041:tid 47698837247744] [client 136.243.226.148:50756] AH01071: Got error 'Primary script unknown'
[Fri May 19 14:19:07.683121 2023] [proxy_fcgi:error] [pid 6037:tid 47698752509696] [client 93.107.39.255:60626] AH01071: Got error 'Primary script unknown'
[Fri May 19 14:19:09.536072 2023] [proxy_fcgi:error] [pid 6038:tid 47698847753984] [client 94.46.169.224:61702] AH01071: Got error 'Primary script unknown'
[Fri May 19 14:19:10.671270 2023] [proxy_fcgi:error] [pid 6036:tid 47698849855232] [client 185.82.212.25:35340] AH01071: Got error 'Primary script unknown'
[Fri May 19 14:19:12.598560 2023] [proxy_fcgi:error] [pid 6041:tid 47698758813440] [client 178.62.88.118:45852] AH01071: Got error 'Primary script unknown'
[Fri May 19 14:19:15.353406 2023] [proxy_fcgi:error] [pid 6035:tid 47698763015936] [client 185.82.212.27:53866] AH01071: Got error 'Primary script unknown'
[Fri May 19 14:19:15.761894 2023] [proxy_fcgi:error] [pid 6037:tid 47698760914688] [client 79.139.59.17:36252] AH01071: Got error 'Primary script unknown'
[Fri May 19 14:19:18.302445 2023] [proxy_fcgi:error] [pid 6038:tid 47698854057728] [client 185.82.212.30:52640] AH01071: Got error 'Primary script unknown'
[Fri May 19 14:19:20.243503 2023] [proxy_fcgi:error] [pid 6036:tid 47698763015936] [client 136.243.226.148:60380] AH01071: Got error 'Primary script unknown'
[Fri May 19 14:19:22.741983 2023] [proxy_fcgi:error] [pid 6041:tid 47698868766464] [client 185.82.212.32:37070] AH01071: Got error 'Primary script unknown'
[Fri May 19 14:23:09.917284 2023] [proxy_fcgi:error] [pid 6036:tid 47698858260224] [client 111.90.150.28:42396] AH01071: Got error 'Primary script unknown\n'
[Fri May 19 14:28:45.038288 2023] [cgid:error] [pid 6041:tid 47698868766464] [client 202.101.73.84:54532] AH01264: script not found or unable to stat: /usr/local/cpanel/cgi-sys/favicon.ico
[Fri May 19 14:30:03.923638 2023] [ssl:error] [pid 6041:tid 47698756712192] [client 167.248.133.38:56518] AH02032: Hostname numeros.ivanacosta.com provided via SNI and hostname 162.144.236.190 provided via HTTP have no compatible SSL setup
[Fri May 19 14:31:24.743604 2023] [proxy:error] [pid 6037:tid 47698849855232] (111)Connection refused: AH00957: http: attempt to connect to 127.0.0.1:2079 (127.0.0.1:2079) failed
[Fri May 19 14:31:24.743672 2023] [proxy_http:error] [pid 6037:tid 47698849855232] [client 193.32.162.174:64977] AH01114: HTTP: failed to make connection to backend: 127.0.0.1
[Fri May 19 14:31:24.743814 2023] [proxy:error] [pid 6037:tid 47698849855232] (111)Connection refused: AH00957: http: attempt to connect to 127.0.0.1:2079 (127.0.0.1:2079) failed
[Fri May 19 14:31:24.743824 2023] [proxy_http:error] [pid 6037:tid 47698849855232] [client 193.32.162.174:64977] AH01114: HTTP: failed to make connection to backend: 127.0.0.1
[Fri May 19 14:31:25.102171 2023] [proxy:error] [pid 6041:tid 47698858260224] (111)Connection refused: AH00957: http: attempt to connect to 127.0.0.1:2079 (127.0.0.1:2079) failed
[Fri May 19 14:31:25.102229 2023] [proxy_http:error] [pid 6041:tid 47698858260224] [client 193.32.162.174:65017] AH01114: HTTP: failed to make connection to backend: 127.0.0.1
[Fri May 19 14:31:25.102396 2023] [proxy:error] [pid 6041:tid 47698858260224] (111)Connection refused: AH00957: http: attempt to connect to 127.0.0.1:2079 (127.0.0.1:2079) failed
[Fri May 19 14:31:25.102408 2023] [proxy_http:error] [pid 6041:tid 47698858260224] [client 193.32.162.174:65017] AH01114: HTTP: failed to make connection to backend: 127.0.0.1
[Fri May 19 14:31:25.449659 2023] [proxy:error] [pid 6038:tid 47698860361472] (111)Connection refused: AH00957: http: attempt to connect to 127.0.0.1:2079 (127.0.0.1:2079) failed
[Fri May 19 14:31:25.449740 2023] [proxy_http:error] [pid 6038:tid 47698860361472] [client 193.32.162.174:65053] AH01114: HTTP: failed to make connection to backend: 127.0.0.1
[Fri May 19 14:31:25.449905 2023] [proxy:error] [pid 6038:tid 47698860361472] (111)Connection refused: AH00957: http: attempt to connect to 127.0.0.1:2079 (127.0.0.1:2079) failed
[Fri May 19 14:31:25.449922 2023] [proxy_http:error] [pid 6038:tid 47698860361472] [client 193.32.162.174:65053] AH01114: HTTP: failed to make connection to backend: 127.0.0.1
[Fri May 19 14:31:25.797785 2023] [proxy:error] [pid 6035:tid 47698862462720] (111)Connection refused: AH00957: http: attempt to connect to 127.0.0.1:2079 (127.0.0.1:2079) failed
[Fri May 19 14:31:25.797832 2023] [proxy_http:error] [pid 6035:tid 47698862462720] [client 193.32.162.174:65093] AH01114: HTTP: failed to make connection to backend: 127.0.0.1
[Fri May 19 14:31:25.797955 2023] [proxy:error] [pid 6035:tid 47698862462720] (111)Connection refused: AH00957: http: attempt to connect to 127.0.0.1:2079 (127.0.0.1:2079) failed
[Fri May 19 14:31:25.797966 2023] [proxy_http:error] [pid 6035:tid 47698862462720] [client 193.32.162.174:65093] AH01114: HTTP: failed to make connection to backend: 127.0.0.1
[Fri May 19 14:31:26.144616 2023] [proxy:error] [pid 6036:tid 47698845652736] (111)Connection refused: AH00957: http: attempt to connect to 127.0.0.1:2079 (127.0.0.1:2079) failed
[Fri May 19 14:31:26.144668 2023] [proxy_http:error] [pid 6036:tid 47698845652736] [client 193.32.162.174:65125] AH01114: HTTP: failed to make connection to backend: 127.0.0.1
[Fri May 19 14:31:26.144821 2023] [proxy:error] [pid 6036:tid 47698845652736] (111)Connection refused: AH00957: http: attempt to connect to 127.0.0.1:2079 (127.0.0.1:2079) failed
[Fri May 19 14:31:26.144830 2023] [proxy_http:error] [pid 6036:tid 47698845652736] [client 193.32.162.174:65125] AH01114: HTTP: failed to make connection to backend: 127.0.0.1
[Fri May 19 14:31:26.567206 2023] [proxy:error] [pid 6037:tid 47698845652736] (111)Connection refused: AH00957: http: attempt to connect to 127.0.0.1:2079 (127.0.0.1:2079) failed
[Fri May 19 14:31:26.567284 2023] [proxy_http:error] [pid 6037:tid 47698845652736] [client 193.32.162.174:65169] AH01114: HTTP: failed to make connection to backend: 127.0.0.1
[Fri May 19 14:31:26.567415 2023] [proxy:error] [pid 6037:tid 47698845652736] (111)Connection refused: AH00957: http: attempt to connect to 127.0.0.1:2079 (127.0.0.1:2079) failed
[Fri May 19 14:31:26.567425 2023] [proxy_http:error] [pid 6037:tid 47698845652736] [client 193.32.162.174:65169] AH01114: HTTP: failed to make connection to backend: 127.0.0.1
[Fri May 19 14:31:26.916018 2023] [proxy:error] [pid 6041:tid 47698752509696] (111)Connection refused: AH00957: http: attempt to connect to 127.0.0.1:2079 (127.0.0.1:2079) failed
[Fri May 19 14:31:26.916076 2023] [proxy_http:error] [pid 6041:tid 47698752509696] [client 193.32.162.174:65207] AH01114: HTTP: failed to make connection to backend: 127.0.0.1
[Fri May 19 14:31:26.916165 2023] [proxy:error] [pid 6041:tid 47698752509696] (111)Connection refused: AH00957: http: attempt to connect to 127.0.0.1:2079 (127.0.0.1:2079) failed
[Fri May 19 14:31:26.916172 2023] [proxy_http:error] [pid 6041:tid 47698752509696] [client 193.32.162.174:65207] AH01114: HTTP: failed to make connection to backend: 127.0.0.1
[Fri May 19 14:34:13.650274 2023] [proxy:error] [pid 6035:tid 47698851956480] (111)Connection refused: AH00957: http: attempt to connect to 127.0.0.1:2079 (127.0.0.1:2079) failed
[Fri May 19 14:34:13.650358 2023] [proxy_http:error] [pid 6035:tid 47698851956480] [client 205.210.31.242:57696] AH01114: HTTP: failed to make connection to backend: 127.0.0.1
[Fri May 19 14:34:13.650517 2023] [proxy:error] [pid 6035:tid 47698851956480] (111)Connection refused: AH00957: http: attempt to connect to 127.0.0.1:2079 (127.0.0.1:2079) failed
[Fri May 19 14:34:13.650529 2023] [proxy_http:error] [pid 6035:tid 47698851956480] [client 205.210.31.242:57696] AH01114: HTTP: failed to make connection to backend: 127.0.0.1
[Fri May 19 14:37:34.589402 2023] [proxy:error] [pid 6038:tid 47698756712192] (111)Connection refused: AH00957: http: attempt to connect to 127.0.0.1:2079 (127.0.0.1:2079) failed
[Fri May 19 14:37:34.589461 2023] [proxy_http:error] [pid 6038:tid 47698756712192] [client 205.210.31.50:63366] AH01114: HTTP: failed to make connection to backend: 127.0.0.1
[Fri May 19 14:37:34.589590 2023] [proxy:error] [pid 6038:tid 47698756712192] (111)Connection refused: AH00957: http: attempt to connect to 127.0.0.1:2079 (127.0.0.1:2079) failed
[Fri May 19 14:37:34.589601 2023] [proxy_http:error] [pid 6038:tid 47698756712192] [client 205.210.31.50:63366] AH01114: HTTP: failed to make connection to backend: 127.0.0.1
[Fri May 19 15:04:10.925922 2023] [proxy_fcgi:error] [pid 6037:tid 47698839348992] [client 136.243.226.148:56002] AH01071: Got error 'Primary script unknown'
[Fri May 19 15:04:13.220145 2023] [proxy_fcgi:error] [pid 6038:tid 47698868766464] [client 136.243.226.148:56008] AH01071: Got error 'Primary script unknown'
[Fri May 19 15:04:16.091726 2023] [proxy_fcgi:error] [pid 6038:tid 47698760914688] [client 91.231.140.73:55460] AH01071: Got error 'Primary script unknown'
[Fri May 19 15:04:17.195332 2023] [proxy_fcgi:error] [pid 6041:tid 47698864563968] [client 78.141.213.146:55136] AH01071: Got error 'Primary script unknown'
[Fri May 19 15:04:20.577319 2023] [proxy_fcgi:error] [pid 6035:tid 47698866665216] [client 46.182.84.66:60720] AH01071: Got error 'Primary script unknown'
[Fri May 19 15:04:27.825583 2023] [proxy_fcgi:error] [pid 6041:tid 47698841450240] [client 142.93.8.10:16478] AH01071: Got error 'Primary script unknown'
[Fri May 19 15:04:31.571373 2023] [proxy_fcgi:error] [pid 6037:tid 47698835146496] [client 101.43.245.96:37872] AH01071: Got error 'Primary script unknown'
[Fri May 19 15:04:32.197785 2023] [proxy_fcgi:error] [pid 6035:tid 47698870867712] [client 13.113.48.86:40456] AH01071: Got error 'Primary script unknown'
[Fri May 19 15:04:32.430249 2023] [proxy_fcgi:error] [pid 6036:tid 47698754610944] [client 185.82.212.241:41834] AH01071: Got error 'Primary script unknown'
[Fri May 19 15:04:33.027207 2023] [proxy_fcgi:error] [pid 6041:tid 47698760914688] [client 185.82.212.30:49038] AH01071: Got error 'Primary script unknown'
[Fri May 19 15:04:37.143659 2023] [proxy_fcgi:error] [pid 6035:tid 47698839348992] [client 136.243.226.148:54364] AH01071: Got error 'Primary script unknown'
[Fri May 19 15:04:38.017941 2023] [proxy_fcgi:error] [pid 6037:tid 47698756712192] [client 196.245.9.18:49036] AH01071: Got error 'Primary script unknown'
[Fri May 19 15:04:40.467071 2023] [proxy_fcgi:error] [pid 6038:tid 47698856158976] [client 136.243.226.148:51936] AH01071: Got error 'Primary script unknown'
[Fri May 19 15:04:44.381565 2023] [proxy_fcgi:error] [pid 6041:tid 47698854057728] [client 185.82.212.33:41700] AH01071: Got error 'Primary script unknown'
[Fri May 19 15:04:50.845643 2023] [proxy_fcgi:error] [pid 6036:tid 47698756712192] [client 178.62.88.118:59534] AH01071: Got error 'Primary script unknown'
[Fri May 19 15:18:03.760571 2023] [proxy:error] [pid 6041:tid 47698862462720] (111)Connection refused: AH00957: http: attempt to connect to 127.0.0.1:2079 (127.0.0.1:2079) failed
[Fri May 19 15:18:03.760681 2023] [proxy_http:error] [pid 6041:tid 47698862462720] [client 198.235.24.221:58154] AH01114: HTTP: failed to make connection to backend: 127.0.0.1
[Fri May 19 15:18:03.760842 2023] [proxy:error] [pid 6041:tid 47698862462720] (111)Connection refused: AH00957: http: attempt to connect to 127.0.0.1:2079 (127.0.0.1:2079) failed
[Fri May 19 15:18:03.760856 2023] [proxy_http:error] [pid 6041:tid 47698862462720] [client 198.235.24.221:58154] AH01114: HTTP: failed to make connection to backend: 127.0.0.1
[Fri May 19 15:28:08.460509 2023] [proxy_fcgi:error] [pid 6038:tid 47698839348992] [client 172.70.100.94:44870] AH01071: Got error 'Primary script unknown\n'
[Fri May 19 15:29:00.019665 2023] [proxy_fcgi:error] [pid 6036:tid 47698864563968] [client 45.15.187.18:24928] AH01071: Got error 'Primary script unknown\n'
[Fri May 19 15:51:34.457367 2023] [ssl:error] [pid 6041:tid 47698862462720] [client 167.94.138.34:51132] AH02032: Hostname cpcontacts.asosupro.gov.co provided via SNI and hostname 162.144.236.190 provided via HTTP have no compatible SSL setup
[Fri May 19 15:51:34.669587 2023] [proxy:error] [pid 6038:tid 47698858260224] (111)Connection refused: AH00957: http: attempt to connect to 127.0.0.1:2079 (127.0.0.1:2079) failed
[Fri May 19 15:51:34.669684 2023] [proxy_http:error] [pid 6038:tid 47698858260224] [client 167.94.138.34:53788] AH01114: HTTP: failed to make connection to backend: 127.0.0.1
[Fri May 19 15:51:34.669853 2023] [proxy:error] [pid 6038:tid 47698858260224] (111)Connection refused: AH00957: http: attempt to connect to 127.0.0.1:2079 (127.0.0.1:2079) failed
[Fri May 19 15:51:34.669866 2023] [proxy_http:error] [pid 6038:tid 47698858260224] [client 167.94.138.34:53788] AH01114: HTTP: failed to make connection to backend: 127.0.0.1
[Fri May 19 15:52:46.831304 2023] [proxy_fcgi:error] [pid 6036:tid 47698866665216] [client 136.243.226.148:39098] AH01071: Got error 'Primary script unknown'
[Fri May 19 15:52:47.146498 2023] [proxy_fcgi:error] [pid 6041:tid 47698763015936] [client 185.82.212.27:52936] AH01071: Got error 'Primary script unknown'
[Fri May 19 15:52:48.281131 2023] [proxy_fcgi:error] [pid 6035:tid 47698756712192] [client 185.82.212.241:41148] AH01071: Got error 'Primary script unknown'
[Fri May 19 15:52:52.918007 2023] [proxy_fcgi:error] [pid 6037:tid 47698835146496] [client 185.82.212.241:42506] AH01071: Got error 'Primary script unknown'
[Fri May 19 15:52:55.080466 2023] [proxy_fcgi:error] [pid 6038:tid 47698845652736] [client 194.163.133.151:57020] AH01071: Got error 'Primary script unknown'
[Fri May 19 15:53:01.790109 2023] [proxy_fcgi:error] [pid 6036:tid 47698760914688] [client 68.178.145.141:53570] AH01071: Got error 'Primary script unknown'
[Fri May 19 15:53:04.333356 2023] [proxy_fcgi:error] [pid 6041:tid 47698864563968] [client 136.243.226.148:36222] AH01071: Got error 'Primary script unknown'
[Fri May 19 15:53:05.819345 2023] [proxy_fcgi:error] [pid 6035:tid 47698864563968] [client 136.243.226.148:36238] AH01071: Got error 'Primary script unknown'
[Fri May 19 15:53:09.061789 2023] [proxy_fcgi:error] [pid 6041:tid 47698841450240] [client 196.245.9.18:39086] AH01071: Got error 'Primary script unknown'
[Fri May 19 15:53:10.303460 2023] [proxy_fcgi:error] [pid 6035:tid 47698758813440] [client 35.214.190.212:48422] AH01071: Got error 'Primary script unknown'
[Fri May 19 15:53:14.065491 2023] [proxy_fcgi:error] [pid 6037:tid 47698756712192] [client 185.75.33.82:34936] AH01071: Got error 'Primary script unknown'
[Fri May 19 15:53:17.524127 2023] [proxy_fcgi:error] [pid 6038:tid 47698864563968] [client 136.243.226.148:53588] AH01071: Got error 'Primary script unknown'
[Fri May 19 15:53:18.730817 2023] [proxy_fcgi:error] [pid 6036:tid 47698758813440] [client 85.95.250.4:60416] AH01071: Got error 'Primary script unknown'
[Fri May 19 15:53:19.527880 2023] [proxy_fcgi:error] [pid 6041:tid 47698765117184] [client 163.172.168.158:44696] AH01071: Got error 'Primary script unknown'
[Fri May 19 15:53:21.130684 2023] [proxy_fcgi:error] [pid 6035:tid 47698868766464] [client 185.82.212.33:52514] AH01071: Got error 'Primary script unknown'
[Fri May 19 15:53:34.771159 2023] [proxy_fcgi:error] [pid 6037:tid 47698758813440] [client 217.160.158.55:50134] AH01071: Got error 'Primary script unknown'
[Fri May 19 16:03:37.073600 2023] [ssl:error] [pid 6041:tid 47698835146496] [client 167.248.133.185:48150] AH02032: Hostname cpanel.lacosmopolitana.com provided via SNI and hostname 162.144.236.190 provided via HTTP have no compatible SSL setup
[Fri May 19 16:10:02.859596 2023] [proxy:error] [pid 6041:tid 47698864563968] (111)Connection refused: AH00957: http: attempt to connect to 127.0.0.1:2079 (127.0.0.1:2079) failed
[Fri May 19 16:10:02.859698 2023] [proxy_http:error] [pid 6041:tid 47698864563968] [client 205.210.31.164:62772] AH01114: HTTP: failed to make connection to backend: 127.0.0.1
[Fri May 19 16:10:02.859820 2023] [proxy:error] [pid 6041:tid 47698864563968] (111)Connection refused: AH00957: http: attempt to connect to 127.0.0.1:2079 (127.0.0.1:2079) failed
[Fri May 19 16:10:02.859830 2023] [proxy_http:error] [pid 6041:tid 47698864563968] [client 205.210.31.164:62772] AH01114: HTTP: failed to make connection to backend: 127.0.0.1
[Fri May 19 16:32:52.025950 2023] [proxy_fcgi:error] [pid 6036:tid 47698837247744] [client 213.136.93.171:60912] AH01071: Got error 'Primary script unknown\n'
[Fri May 19 16:39:50.437870 2023] [proxy:error] [pid 6036:tid 47698856158976] (111)Connection refused: AH00957: http: attempt to connect to 127.0.0.1:2079 (127.0.0.1:2079) failed
[Fri May 19 16:39:50.437981 2023] [proxy_http:error] [pid 6036:tid 47698856158976] [client 51.222.188.70:60756] AH01114: HTTP: failed to make connection to backend: 127.0.0.1
[Fri May 19 16:39:50.438169 2023] [proxy:error] [pid 6036:tid 47698856158976] (111)Connection refused: AH00957: http: attempt to connect to 127.0.0.1:2079 (127.0.0.1:2079) failed
[Fri May 19 16:39:50.438186 2023] [proxy_http:error] [pid 6036:tid 47698856158976] [client 51.222.188.70:60756] AH01114: HTTP: failed to make connection to backend: 127.0.0.1
[Fri May 19 16:40:18.501286 2023] [proxy_fcgi:error] [pid 6038:tid 47698862462720] [client 185.82.212.241:34446] AH01071: Got error 'Primary script unknown'
[Fri May 19 16:40:19.645442 2023] [proxy_fcgi:error] [pid 6036:tid 47698843551488] [client 68.178.225.54:36563] AH01071: Got error 'Primary script unknown'
[Fri May 19 16:40:20.045190 2023] [proxy_fcgi:error] [pid 6041:tid 47698845652736] [client 136.243.226.148:60808] AH01071: Got error 'Primary script unknown'
[Fri May 19 16:40:25.572471 2023] [proxy_fcgi:error] [pid 6036:tid 47698841450240] [client 136.243.226.148:60818] AH01071: Got error 'Primary script unknown'
[Fri May 19 16:40:40.034483 2023] [proxy_fcgi:error] [pid 6038:tid 47698839348992] [client 136.243.226.148:38840] AH01071: Got error 'Primary script unknown'
[Fri May 19 16:40:46.841238 2023] [proxy_fcgi:error] [pid 6036:tid 47698868766464] [client 136.243.226.148:38842] AH01071: Got error 'Primary script unknown'
[Fri May 19 16:40:50.089360 2023] [proxy_fcgi:error] [pid 6038:tid 47698758813440] [client 136.243.226.148:46322] AH01071: Got error 'Primary script unknown'
[Fri May 19 16:40:51.950123 2023] [proxy_fcgi:error] [pid 6036:tid 47698835146496] [client 80.244.168.40:33790] AH01071: Got error 'Primary script unknown'
[Fri May 19 16:40:52.548510 2023] [proxy_fcgi:error] [pid 6041:tid 47698847753984] [client 185.82.212.27:57676] AH01071: Got error 'Primary script unknown'
[Fri May 19 16:40:56.320431 2023] [proxy_fcgi:error] [pid 6035:tid 47698862462720] [client 13.38.209.31:39206] AH01071: Got error 'Primary script unknown'
[Fri May 19 16:41:02.404486 2023] [proxy_fcgi:error] [pid 6037:tid 47698868766464] [client 51.222.241.239:46404] AH01071: Got error 'Primary script unknown'
[Fri May 19 16:41:03.928165 2023] [proxy_fcgi:error] [pid 6038:tid 47698870867712] [client 68.178.145.141:53134] AH01071: Got error 'Primary script unknown'
[Fri May 19 16:41:11.518684 2023] [proxy_fcgi:error] [pid 6036:tid 47698864563968] [client 66.29.146.23:60424] AH01071: Got error 'Primary script unknown'
[Fri May 19 16:41:14.953384 2023] [proxy_fcgi:error] [pid 6041:tid 47698870867712] [client 136.243.226.148:59604] AH01071: Got error 'Primary script unknown'
[Fri May 19 16:53:14.277818 2023] [ssl:error] [pid 6038:tid 47698843551488] [client 162.142.125.217:46530] AH02032: Hostname cpanel.elpastelero.co provided via SNI and hostname 162.144.236.190 provided via HTTP have no compatible SSL setup
[Fri May 19 17:09:34.238234 2023] [proxy:error] [pid 6038:tid 47698845652736] (111)Connection refused: AH00957: http: attempt to connect to 127.0.0.1:2079 (127.0.0.1:2079) failed
[Fri May 19 17:09:34.238362 2023] [proxy_http:error] [pid 6038:tid 47698845652736] [client 103.147.186.75:47306] AH01114: HTTP: failed to make connection to backend: 127.0.0.1
[Fri May 19 17:09:34.238507 2023] [proxy:error] [pid 6038:tid 47698845652736] (111)Connection refused: AH00957: http: attempt to connect to 127.0.0.1:2079 (127.0.0.1:2079) failed
[Fri May 19 17:09:34.238517 2023] [proxy_http:error] [pid 6038:tid 47698845652736] [client 103.147.186.75:47306] AH01114: HTTP: failed to make connection to backend: 127.0.0.1
[Fri May 19 17:15:16.132494 2023] [core:error] [pid 6037:tid 47698835146496] [client 164.68.115.154:36240] AH10244: invalid URI path (/cgi-bin/.%%%%32%%65/.%%%%32%%65/.%%%%32%%65/.%%%%32%%65/.%%%%32%%65/bin/sh)
[Fri May 19 17:26:58.929953 2023] [ssl:error] [pid 6037:tid 47698845652736] [client 167.248.133.51:36294] AH02032: Hostname cpcalendars.lavozdeloscentauros.com provided via SNI and hostname 162.144.236.190 provided via HTTP have no compatible SSL setup
[Fri May 19 17:26:59.119913 2023] [proxy:error] [pid 6041:tid 47698752509696] (111)Connection refused: AH00957: http: attempt to connect to 127.0.0.1:2079 (127.0.0.1:2079) failed
[Fri May 19 17:26:59.119987 2023] [proxy_http:error] [pid 6041:tid 47698752509696] [client 167.248.133.51:57770] AH01114: HTTP: failed to make connection to backend: 127.0.0.1
[Fri May 19 17:26:59.120189 2023] [proxy:error] [pid 6041:tid 47698752509696] (111)Connection refused: AH00957: http: attempt to connect to 127.0.0.1:2079 (127.0.0.1:2079) failed
[Fri May 19 17:26:59.120230 2023] [proxy_http:error] [pid 6041:tid 47698752509696] [client 167.248.133.51:57770] AH01114: HTTP: failed to make connection to backend: 127.0.0.1
[Fri May 19 17:31:54.138453 2023] [proxy_fcgi:error] [pid 6035:tid 47698856158976] [client 185.82.212.30:39920] AH01071: Got error 'Primary script unknown'
[Fri May 19 17:31:54.185192 2023] [proxy_fcgi:error] [pid 6036:tid 47698765117184] [client 194.163.133.151:58952] AH01071: Got error 'Primary script unknown'
[Fri May 19 17:31:55.281614 2023] [proxy_fcgi:error] [pid 6041:tid 47698858260224] [client 185.82.212.30:39924] AH01071: Got error 'Primary script unknown'
[Fri May 19 17:31:55.795942 2023] [proxy_fcgi:error] [pid 6035:tid 47698858260224] [client 62.109.154.63:60842] AH01071: Got error 'Primary script unknown'
[Fri May 19 17:32:00.249181 2023] [proxy_fcgi:error] [pid 6037:tid 47698860361472] [client 185.82.212.30:37634] AH01071: Got error 'Primary script unknown'
[Fri May 19 17:32:01.979182 2023] [proxy_fcgi:error] [pid 6035:tid 47698851956480] [client 185.82.212.242:57754] AH01071: Got error 'Primary script unknown'
[Fri May 19 17:32:04.489219 2023] [proxy_fcgi:error] [pid 6037:tid 47698754610944] [client 185.2.4.44:64069] AH01071: Got error 'Primary script unknown'
[Fri May 19 17:32:05.581365 2023] [proxy_fcgi:error] [pid 6038:tid 47698760914688] [client 94.46.169.224:56072] AH01071: Got error 'Primary script unknown'
[Fri May 19 17:32:08.573239 2023] [proxy_fcgi:error] [pid 6036:tid 47698866665216] [client 185.98.5.230:59620] AH01071: Got error 'Primary script unknown'
[Fri May 19 17:32:08.833418 2023] [proxy_fcgi:error] [pid 6041:tid 47698763015936] [client 136.243.226.148:39654] AH01071: Got error 'Primary script unknown'
[Fri May 19 17:32:14.282933 2023] [proxy_fcgi:error] [pid 6035:tid 47698756712192] [client 139.162.60.20:48970] AH01071: Got error 'Primary script unknown'
[Fri May 19 17:32:16.989210 2023] [proxy_fcgi:error] [pid 6037:tid 47698864563968] [client 185.82.212.27:50946] AH01071: Got error 'Primary script unknown'
[Fri May 19 17:32:18.068789 2023] [proxy_fcgi:error] [pid 6038:tid 47698851956480] [client 136.243.226.148:40364] AH01071: Got error 'Primary script unknown'
[Fri May 19 17:32:18.308198 2023] [proxy_fcgi:error] [pid 6036:tid 47698754610944] [client 80.150.6.150:54624] AH01071: Got error 'Primary script unknown'
[Fri May 19 17:32:20.004663 2023] [proxy_fcgi:error] [pid 6041:tid 47698864563968] [client 35.214.190.212:58002] AH01071: Got error 'Primary script unknown'
[Fri May 19 17:34:24.377793 2023] [proxy_fcgi:error] [pid 6038:tid 47698854057728] [client 194.113.235.169:54572] AH01071: Got error 'Primary script unknown\n', referer: http://ivanacosta.com/7.php
[Fri May 19 17:43:01.099090 2023] [proxy:error] [pid 6036:tid 47698860361472] (111)Connection refused: AH00957: http: attempt to connect to 127.0.0.1:2079 (127.0.0.1:2079) failed
[Fri May 19 17:43:01.099190 2023] [proxy_http:error] [pid 6036:tid 47698860361472] [client 146.190.55.106:47128] AH01114: HTTP: failed to make connection to backend: 127.0.0.1
[Fri May 19 17:43:01.099336 2023] [proxy:error] [pid 6036:tid 47698860361472] (111)Connection refused: AH00957: http: attempt to connect to 127.0.0.1:2079 (127.0.0.1:2079) failed
[Fri May 19 17:43:01.099347 2023] [proxy_http:error] [pid 6036:tid 47698860361472] [client 146.190.55.106:47128] AH01114: HTTP: failed to make connection to backend: 127.0.0.1
[Fri May 19 17:45:16.011116 2023] [authz_core:error] [pid 6038:tid 47698862462720] [client 152.89.196.77:37588] AH01630: client denied by server configuration: /home/juanfernando/public_html/cache
[Fri May 19 17:45:33.272565 2023] [cgid:error] [pid 6036:tid 47698843551488] [client 117.36.199.38:47440] AH01264: script not found or unable to stat: /var/www/html/setup.cgi
[Fri May 19 18:22:24.623529 2023] [proxy_fcgi:error] [pid 6036:tid 47698858260224] [client 136.243.226.148:52944] AH01071: Got error 'Primary script unknown'
[Fri May 19 18:22:27.240544 2023] [proxy_fcgi:error] [pid 6041:tid 47698841450240] [client 51.222.241.239:60572] AH01071: Got error 'Primary script unknown'
[Fri May 19 18:22:31.076585 2023] [proxy_fcgi:error] [pid 6036:tid 47698847753984] [client 158.220.104.248:33018] AH01071: Got error 'Primary script unknown'
[Fri May 19 18:22:36.730996 2023] [proxy_fcgi:error] [pid 6041:tid 47698760914688] [client 196.245.9.18:32896] AH01071: Got error 'Primary script unknown'
[Fri May 19 18:22:38.602790 2023] [proxy_fcgi:error] [pid 6037:tid 47698752509696] [client 185.82.212.242:39740] AH01071: Got error 'Primary script unknown'
[Fri May 19 18:22:44.426437 2023] [proxy_fcgi:error] [pid 6035:tid 47698758813440] [client 93.107.39.255:47938] AH01071: Got error 'Primary script unknown'
[Fri May 19 18:22:49.536966 2023] [proxy_fcgi:error] [pid 6037:tid 47698758813440] [client 196.245.9.18:56442] AH01071: Got error 'Primary script unknown'
[Fri May 19 18:22:51.271835 2023] [proxy_fcgi:error] [pid 6035:tid 47698839348992] [client 136.243.226.148:42434] AH01071: Got error 'Primary script unknown'
[Fri May 19 18:22:51.321686 2023] [proxy_fcgi:error] [pid 6037:tid 47698837247744] [client 67.225.140.122:48654] AH01071: Got error 'Primary script unknown'
[Fri May 19 18:22:56.920806 2023] [proxy_fcgi:error] [pid 6038:tid 47698856158976] [client 45.31.165.41:36894] AH01071: Got error 'Primary script unknown'
[Fri May 19 18:23:00.868357 2023] [proxy_fcgi:error] [pid 6037:tid 47698858260224] [client 136.243.226.148:36654] AH01071: Got error 'Primary script unknown'
[Fri May 19 18:23:02.394552 2023] [proxy_fcgi:error] [pid 6038:tid 47698847753984] [client 185.82.212.28:50520] AH01071: Got error 'Primary script unknown'
[Fri May 19 18:23:03.428394 2023] [proxy_fcgi:error] [pid 6037:tid 47698841450240] [client 185.82.212.27:37148] AH01071: Got error 'Primary script unknown'
[Fri May 19 18:28:56.345957 2023] [proxy_fcgi:error] [pid 6037:tid 47698845652736] [client 45.12.80.134:55589] AH01071: Got error 'Primary script unknown\n'
[Fri May 19 18:29:00.089079 2023] [proxy_fcgi:error] [pid 6041:tid 47698854057728] [client 45.12.80.134:55655] AH01071: Got error 'Primary script unknown\n'
[Fri May 19 18:29:07.136085 2023] [proxy_fcgi:error] [pid 6038:tid 47698860361472] [client 45.12.80.134:55808] AH01071: Got error 'Primary script unknown\n'
[Fri May 19 18:35:16.463424 2023] [proxy:error] [pid 6035:tid 47698845652736] (111)Connection refused: AH00957: http: attempt to connect to 127.0.0.1:2079 (127.0.0.1:2079) failed
[Fri May 19 18:35:16.463535 2023] [proxy_http:error] [pid 6035:tid 47698845652736] [client 45.12.253.198:64273] AH01114: HTTP: failed to make connection to backend: 127.0.0.1
[Fri May 19 18:35:16.463668 2023] [proxy:error] [pid 6035:tid 47698845652736] (111)Connection refused: AH00957: http: attempt to connect to 127.0.0.1:2079 (127.0.0.1:2079) failed
[Fri May 19 18:35:16.463677 2023] [proxy_http:error] [pid 6035:tid 47698845652736] [client 45.12.253.198:64273] AH01114: HTTP: failed to make connection to backend: 127.0.0.1
[Fri May 19 19:08:49.753391 2023] [:error] [pid 6038:tid 47698756712192] [client 137.184.36.105:57938] File does not exist: /var/www/html/wp-login.php
[Fri May 19 19:28:20.346313 2023] [authz_core:error] [pid 16969:tid 47698752509696] [client 178.128.109.132:49818] AH01630: client denied by server configuration: /home/juanfernando/public_html/wp-includes
[Fri May 19 19:28:20.760453 2023] [proxy_fcgi:error] [pid 16969:tid 47698752509696] [client 178.128.109.132:49818] AH01071: Got error 'Primary script unknown'
[Fri May 19 19:34:59.603465 2023] [cgid:error] [pid 6035:tid 47698847753984] [client 58.245.13.68:35118] AH01264: script not found or unable to stat: /usr/local/cpanel/cgi-sys/favicon.ico
[Fri May 19 19:49:26.361814 2023] [proxy_fcgi:error] [pid 6041:tid 47698858260224] [client 185.82.212.242:56390] AH01071: Got error 'Primary script unknown'
[Fri May 19 19:49:26.664663 2023] [proxy_fcgi:error] [pid 6035:tid 47698866665216] [client 136.243.226.148:52356] AH01071: Got error 'Primary script unknown'
[Fri May 19 19:49:28.759289 2023] [proxy_fcgi:error] [pid 6036:tid 47698765117184] [client 136.243.226.148:33748] AH01071: Got error 'Primary script unknown'
[Fri May 19 19:49:34.158621 2023] [proxy_fcgi:error] [pid 6041:tid 47698765117184] [client 172.245.228.212:43358] AH01071: Got error 'Primary script unknown'
[Fri May 19 19:49:38.770379 2023] [proxy_fcgi:error] [pid 16969:tid 47698763015936] [client 13.235.138.95:50138] AH01071: Got error 'Primary script unknown'
[Fri May 19 19:49:39.374365 2023] [proxy_fcgi:error] [pid 6037:tid 47698866665216] [client 136.243.226.148:38740] AH01071: Got error 'Primary script unknown'
[Fri May 19 19:49:44.998142 2023] [proxy_fcgi:error] [pid 16969:tid 47698752509696] [client 136.144.209.30:54236] AH01071: Got error 'Primary script unknown'
[Fri May 19 19:49:46.480857 2023] [proxy_fcgi:error] [pid 6037:tid 47698754610944] [client 62.109.154.63:35758] AH01071: Got error 'Primary script unknown'
[Fri May 19 19:49:58.955135 2023] [proxy_fcgi:error] [pid 16969:tid 47698765117184] [client 185.82.212.28:52422] AH01071: Got error 'Primary script unknown'
[Fri May 19 19:50:02.659450 2023] [proxy_fcgi:error] [pid 6038:tid 47698864563968] [client 13.113.48.86:45910] AH01071: Got error 'Primary script unknown'
[Fri May 19 19:50:06.887831 2023] [proxy_fcgi:error] [pid 16969:tid 47698756712192] [client 188.166.86.232:32990] AH01071: Got error 'Primary script unknown'
[Fri May 19 19:50:09.120539 2023] [proxy_fcgi:error] [pid 6037:tid 47698756712192] [client 185.82.212.32:37266] AH01071: Got error 'Primary script unknown'
[Fri May 19 19:59:27.443752 2023] [proxy:error] [pid 6037:tid 47698856158976] (111)Connection refused: AH00957: http: attempt to connect to 127.0.0.1:2079 (127.0.0.1:2079) failed
[Fri May 19 19:59:27.443880 2023] [proxy_http:error] [pid 6037:tid 47698856158976] [client 13.39.111.151:56940] AH01114: HTTP: failed to make connection to backend: 127.0.0.1
[Fri May 19 19:59:27.444101 2023] [proxy:error] [pid 6037:tid 47698856158976] (111)Connection refused: AH00957: http: attempt to connect to 127.0.0.1:2079 (127.0.0.1:2079) failed
[Fri May 19 19:59:27.444122 2023] [proxy_http:error] [pid 6037:tid 47698856158976] [client 13.39.111.151:56940] AH01114: HTTP: failed to make connection to backend: 127.0.0.1
[Fri May 19 20:15:24.703625 2023] [authz_core:error] [pid 6041:tid 47698756712192] [client 152.89.196.77:40828] AH01630: client denied by server configuration: /home/juanfernando/public_html/cache
[Fri May 19 20:21:48.148318 2023] [proxy_fcgi:error] [pid 6035:tid 47698866665216] [client 136.243.226.148:33000] AH01071: Got error 'Primary script unknown'
[Fri May 19 20:21:49.397126 2023] [proxy_fcgi:error] [pid 6036:tid 47698870867712] [client 188.166.86.232:52560] AH01071: Got error 'Primary script unknown'
[Fri May 19 20:21:49.593563 2023] [proxy_fcgi:error] [pid 6041:tid 47698763015936] [client 35.214.190.212:33382] AH01071: Got error 'Primary script unknown'
[Fri May 19 20:21:56.751422 2023] [proxy_fcgi:error] [pid 6036:tid 47698866665216] [client 188.166.86.232:53126] AH01071: Got error 'Primary script unknown'
[Fri May 19 20:22:05.163090 2023] [proxy_fcgi:error] [pid 6038:tid 47698858260224] [client 136.243.226.148:36152] AH01071: Got error 'Primary script unknown'
[Fri May 19 20:22:08.107907 2023] [proxy_fcgi:error] [pid 16969:tid 47698752509696] [client 136.243.226.148:51840] AH01071: Got error 'Primary script unknown'
[Fri May 19 20:22:13.777663 2023] [proxy_fcgi:error] [pid 6037:tid 47698752509696] [client 198.71.228.73:36730] AH01071: Got error 'Primary script unknown'
[Fri May 19 20:22:14.601095 2023] [proxy_fcgi:error] [pid 16969:tid 47698765117184] [client 136.243.226.148:51856] AH01071: Got error 'Primary script unknown'
[Fri May 19 20:22:14.628616 2023] [proxy_fcgi:error] [pid 6035:tid 47698860361472] [client 103.172.120.252:46730] AH01071: Got error 'Primary script unknown'
[Fri May 19 20:22:14.972787 2023] [proxy_fcgi:error] [pid 6037:tid 47698756712192] [client 157.90.127.216:61921] AH01071: Got error 'Primary script unknown'
[Fri May 19 20:22:17.386069 2023] [proxy_fcgi:error] [pid 6038:tid 47698760914688] [client 196.245.9.18:48876] AH01071: Got error 'Primary script unknown'
[Fri May 19 20:22:21.693978 2023] [proxy_fcgi:error] [pid 16969:tid 47698756712192] [client 136.243.226.148:58770] AH01071: Got error 'Primary script unknown'
[Fri May 19 20:22:29.970811 2023] [proxy_fcgi:error] [pid 6041:tid 47698849855232] [client 123.30.185.46:44290] AH01071: Got error 'Primary script unknown'
[Fri May 19 20:42:27.102491 2023] [proxy_fcgi:error] [pid 6038:tid 47698862462720] [client 152.89.196.77:42212] AH01071: Got error 'Primary script unknown'
[Fri May 19 20:45:58.606888 2023] [proxy_fcgi:error] [pid 6038:tid 47698866665216] [client 93.113.110.128:50986] AH01071: Got error 'Primary script unknown\n', referer: elpastelero.co
[Fri May 19 20:48:25.077745 2023] [proxy_fcgi:error] [pid 6041:tid 47698835146496] [client 159.65.44.109:49240] AH01071: Got error 'Primary script unknown\n', referer: elpastelero.co
[Fri May 19 20:52:49.698447 2023] [proxy_fcgi:error] [pid 6041:tid 47698868766464] [client 68.178.145.141:38264] AH01071: Got error 'Primary script unknown'
[Fri May 19 20:52:50.118656 2023] [proxy_fcgi:error] [pid 6035:tid 47698835146496] [client 35.214.190.212:33414] AH01071: Got error 'Primary script unknown'
[Fri May 19 20:52:55.219957 2023] [proxy_fcgi:error] [pid 6037:tid 47698868766464] [client 188.68.47.117:55648] AH01071: Got error 'Primary script unknown'
[Fri May 19 20:52:56.056109 2023] [proxy_fcgi:error] [pid 6038:tid 47698860361472] [client 184.164.94.74:42340] AH01071: Got error 'Primary script unknown'
[Fri May 19 20:52:56.560829 2023] [proxy_fcgi:error] [pid 16969:tid 47698851956480] [client 68.183.103.205:51374] AH01071: Got error 'Primary script unknown'
[Fri May 19 20:53:01.993956 2023] [proxy_fcgi:error] [pid 6037:tid 47698870867712] [client 172.245.228.212:34174] AH01071: Got error 'Primary script unknown'
[Fri May 19 20:53:05.142862 2023] [proxy_fcgi:error] [pid 6038:tid 47698765117184] [client 91.231.140.73:56896] AH01071: Got error 'Primary script unknown'
[Fri May 19 20:53:08.488535 2023] [proxy_fcgi:error] [pid 6036:tid 47698868766464] [client 136.243.226.148:58898] AH01071: Got error 'Primary script unknown'
[Fri May 19 20:53:11.477482 2023] [proxy_fcgi:error] [pid 6035:tid 47698754610944] [client 35.214.190.212:51692] AH01071: Got error 'Primary script unknown'
[Fri May 19 20:53:11.508194 2023] [proxy_fcgi:error] [pid 6038:tid 47698839348992] [client 139.162.60.20:37532] AH01071: Got error 'Primary script unknown'
[Fri May 19 20:53:13.228521 2023] [proxy_fcgi:error] [pid 6036:tid 47698864563968] [client 93.107.39.255:44458] AH01071: Got error 'Primary script unknown'
[Fri May 19 20:53:23.092117 2023] [proxy_fcgi:error] [pid 6038:tid 47698756712192] [client 93.107.39.255:41332] AH01071: Got error 'Primary script unknown'
[Fri May 19 20:53:23.862696 2023] [proxy_fcgi:error] [pid 16969:tid 47698862462720] [client 35.240.237.113:33382] AH01071: Got error 'Primary script unknown'
[Fri May 19 20:54:49.008247 2023] [proxy_fcgi:error] [pid 6038:tid 47698758813440] [client 194.169.175.14:60285] AH01071: Got error 'Primary script unknown'
[Fri May 19 21:07:37.625468 2023] [proxy_fcgi:error] [pid 6038:tid 47698837247744] [client 116.62.49.96:53568] AH01071: Got error 'Primary script unknown\n'
[Fri May 19 21:11:20.649637 2023] [proxy_fcgi:error] [pid 6038:tid 47698854057728] [client 152.89.196.77:35060] AH01071: Got error 'Primary script unknown'
[Fri May 19 21:19:45.055950 2023] [proxy_fcgi:error] [pid 6037:tid 47698763015936] [client 35.214.190.212:42582] AH01071: Got error 'Primary script unknown'
[Fri May 19 21:22:01.119208 2023] [proxy:error] [pid 6035:tid 47698862462720] (111)Connection refused: AH00957: http: attempt to connect to 127.0.0.1:2079 (127.0.0.1:2079) failed
[Fri May 19 21:22:01.119350 2023] [proxy_http:error] [pid 6035:tid 47698862462720] [client 77.68.123.152:64043] AH01114: HTTP: failed to make connection to backend: 127.0.0.1, referer: www.google.com
[Fri May 19 21:22:01.119575 2023] [proxy:error] [pid 6035:tid 47698862462720] (111)Connection refused: AH00957: http: attempt to connect to 127.0.0.1:2079 (127.0.0.1:2079) failed
[Fri May 19 21:22:01.119591 2023] [proxy_http:error] [pid 6035:tid 47698862462720] [client 77.68.123.152:64043] AH01114: HTTP: failed to make connection to backend: 127.0.0.1, referer: www.google.com
[Fri May 19 21:22:10.866480 2023] [proxy:error] [pid 6036:tid 47698835146496] (111)Connection refused: AH00957: http: attempt to connect to 127.0.0.1:2079 (127.0.0.1:2079) failed
[Fri May 19 21:22:10.866532 2023] [proxy_http:error] [pid 6036:tid 47698835146496] [client 77.68.123.152:54727] AH01114: HTTP: failed to make connection to backend: 127.0.0.1, referer: www.google.com
[Fri May 19 21:22:10.866651 2023] [proxy:error] [pid 6036:tid 47698835146496] (111)Connection refused: AH00957: http: attempt to connect to 127.0.0.1:2079 (127.0.0.1:2079) failed
[Fri May 19 21:22:10.866660 2023] [proxy_http:error] [pid 6036:tid 47698835146496] [client 77.68.123.152:54727] AH01114: HTTP: failed to make connection to backend: 127.0.0.1, referer: www.google.com
[Fri May 19 21:22:23.605685 2023] [proxy:error] [pid 6037:tid 47698849855232] (111)Connection refused: AH00957: http: attempt to connect to 127.0.0.1:2079 (127.0.0.1:2079) failed
[Fri May 19 21:22:23.605740 2023] [proxy_http:error] [pid 6037:tid 47698849855232] [client 77.68.123.152:62357] AH01114: HTTP: failed to make connection to backend: 127.0.0.1, referer: www.google.com
[Fri May 19 21:22:23.605881 2023] [proxy:error] [pid 6037:tid 47698849855232] (111)Connection refused: AH00957: http: attempt to connect to 127.0.0.1:2079 (127.0.0.1:2079) failed
[Fri May 19 21:22:23.605891 2023] [proxy_http:error] [pid 6037:tid 47698849855232] [client 77.68.123.152:62357] AH01114: HTTP: failed to make connection to backend: 127.0.0.1, referer: www.google.com
[Fri May 19 21:22:31.642844 2023] [proxy:error] [pid 6041:tid 47698756712192] (111)Connection refused: AH00957: http: attempt to connect to 127.0.0.1:2079 (127.0.0.1:2079) failed
[Fri May 19 21:22:31.642902 2023] [proxy_http:error] [pid 6041:tid 47698756712192] [client 77.68.123.152:52988] AH01114: HTTP: failed to make connection to backend: 127.0.0.1, referer: www.google.com
[Fri May 19 21:22:31.643089 2023] [proxy:error] [pid 6041:tid 47698756712192] (111)Connection refused: AH00957: http: attempt to connect to 127.0.0.1:2079 (127.0.0.1:2079) failed
[Fri May 19 21:22:31.643101 2023] [proxy_http:error] [pid 6041:tid 47698756712192] [client 77.68.123.152:52988] AH01114: HTTP: failed to make connection to backend: 127.0.0.1, referer: www.google.com
[Fri May 19 21:22:47.901036 2023] [proxy:error] [pid 6038:tid 47698758813440] (111)Connection refused: AH00957: http: attempt to connect to 127.0.0.1:2079 (127.0.0.1:2079) failed
[Fri May 19 21:22:47.901126 2023] [proxy_http:error] [pid 6038:tid 47698758813440] [client 77.68.123.152:61464] AH01114: HTTP: failed to make connection to backend: 127.0.0.1, referer: www.google.com
[Fri May 19 21:22:47.901274 2023] [proxy:error] [pid 6038:tid 47698758813440] (111)Connection refused: AH00957: http: attempt to connect to 127.0.0.1:2079 (127.0.0.1:2079) failed
[Fri May 19 21:22:47.901286 2023] [proxy_http:error] [pid 6038:tid 47698758813440] [client 77.68.123.152:61464] AH01114: HTTP: failed to make connection to backend: 127.0.0.1, referer: www.google.com
[Fri May 19 21:23:02.585188 2023] [proxy:error] [pid 6035:tid 47698752509696] (111)Connection refused: AH00957: http: attempt to connect to 127.0.0.1:2079 (127.0.0.1:2079) failed
[Fri May 19 21:23:02.585241 2023] [proxy_http:error] [pid 6035:tid 47698752509696] [client 77.68.123.152:60729] AH01114: HTTP: failed to make connection to backend: 127.0.0.1, referer: www.google.com
[Fri May 19 21:23:02.585347 2023] [proxy:error] [pid 6035:tid 47698752509696] (111)Connection refused: AH00957: http: attempt to connect to 127.0.0.1:2079 (127.0.0.1:2079) failed
[Fri May 19 21:23:02.585355 2023] [proxy_http:error] [pid 6035:tid 47698752509696] [client 77.68.123.152:60729] AH01114: HTTP: failed to make connection to backend: 127.0.0.1, referer: www.google.com
[Fri May 19 21:23:07.738168 2023] [proxy:error] [pid 16969:tid 47698864563968] (111)Connection refused: AH00957: http: attempt to connect to 127.0.0.1:2079 (127.0.0.1:2079) failed
[Fri May 19 21:23:07.738402 2023] [proxy_http:error] [pid 16969:tid 47698864563968] [client 77.68.123.152:65137] AH01114: HTTP: failed to make connection to backend: 127.0.0.1, referer: www.google.com
[Fri May 19 21:23:07.738549 2023] [proxy:error] [pid 16969:tid 47698864563968] (111)Connection refused: AH00957: http: attempt to connect to 127.0.0.1:2079 (127.0.0.1:2079) failed
[Fri May 19 21:23:07.738562 2023] [proxy_http:error] [pid 16969:tid 47698864563968] [client 77.68.123.152:65137] AH01114: HTTP: failed to make connection to backend: 127.0.0.1, referer: www.google.com
[Fri May 19 21:23:13.606969 2023] [proxy:error] [pid 6036:tid 47698849855232] (111)Connection refused: AH00957: http: attempt to connect to 127.0.0.1:2079 (127.0.0.1:2079) failed
[Fri May 19 21:23:13.607029 2023] [proxy_http:error] [pid 6036:tid 47698849855232] [client 77.68.123.152:60639] AH01114: HTTP: failed to make connection to backend: 127.0.0.1, referer: www.google.com
[Fri May 19 21:23:13.607209 2023] [proxy:error] [pid 6036:tid 47698849855232] (111)Connection refused: AH00957: http: attempt to connect to 127.0.0.1:2079 (127.0.0.1:2079) failed
[Fri May 19 21:23:13.607222 2023] [proxy_http:error] [pid 6036:tid 47698849855232] [client 77.68.123.152:60639] AH01114: HTTP: failed to make connection to backend: 127.0.0.1, referer: www.google.com
[Fri May 19 21:25:34.231939 2023] [:error] [pid 16969:tid 47698860361472] [client 38.242.226.79:33546] File does not exist: /var/www/html/wp-login.php
[Fri May 19 21:36:40.199757 2023] [proxy_fcgi:error] [pid 6035:tid 47698866665216] [client 152.89.196.77:54908] AH01071: Got error 'Primary script unknown'
[Fri May 19 22:01:04.136085 2023] [:error] [pid 6038:tid 47698756712192] [client 185.245.80.185:58563] File does not exist: /var/www/html/adminer.php
[Fri May 19 22:09:55.942941 2023] [proxy_fcgi:error] [pid 6038:tid 47698752509696] [client 194.169.175.14:56072] AH01071: Got error 'Primary script unknown\n'
[Fri May 19 22:18:13.442873 2023] [:error] [pid 16969:tid 47698765117184] [client 4.240.105.160:57577] File does not exist: /var/www/html/wp-2018.php
[Fri May 19 22:18:13.697671 2023] [:error] [pid 16969:tid 47698765117184] [client 4.240.105.160:57577] File does not exist: /var/www/html/wp-2020.php
[Fri May 19 22:18:13.949748 2023] [:error] [pid 16969:tid 47698765117184] [client 4.240.105.160:57577] File does not exist: /var/www/html/wp-2021.php
[Fri May 19 22:18:14.202781 2023] [:error] [pid 16969:tid 47698765117184] [client 4.240.105.160:57577] File does not exist: /var/www/html/wp-2022.php
[Fri May 19 22:18:14.454792 2023] [:error] [pid 16969:tid 47698765117184] [client 4.240.105.160:57577] File does not exist: /var/www/html/0z.php
[Fri May 19 22:18:14.708041 2023] [:error] [pid 16969:tid 47698765117184] [client 4.240.105.160:57577] File does not exist: /var/www/html/lock360.php
[Fri May 19 22:18:14.964028 2023] [:error] [pid 16969:tid 47698765117184] [client 4.240.105.160:57577] File does not exist: /var/www/html/wp-22.php
[Fri May 19 22:18:15.216445 2023] [:error] [pid 16969:tid 47698765117184] [client 4.240.105.160:57577] File does not exist: /var/www/html/wp-2019.php
[Fri May 19 22:18:15.468382 2023] [:error] [pid 16969:tid 47698765117184] [client 4.240.105.160:57577] File does not exist: /var/www/html/fw.php
[Fri May 19 22:18:15.720244 2023] [:error] [pid 16969:tid 47698765117184] [client 4.240.105.160:57577] File does not exist: /var/www/html/2index.php
[Fri May 19 22:18:15.972463 2023] [:error] [pid 16969:tid 47698765117184] [client 4.240.105.160:57577] File does not exist: /var/www/html/C.php
[Fri May 19 22:18:16.224658 2023] [:error] [pid 16969:tid 47698765117184] [client 4.240.105.160:57577] File does not exist: /var/www/html/c.php
[Fri May 19 22:18:16.476708 2023] [:error] [pid 16969:tid 47698765117184] [client 4.240.105.160:57577] File does not exist: /var/www/html/01.php
[Fri May 19 22:18:16.729236 2023] [:error] [pid 16969:tid 47698765117184] [client 4.240.105.160:57577] File does not exist: /var/www/html/1.php
[Fri May 19 22:18:16.981231 2023] [:error] [pid 16969:tid 47698765117184] [client 4.240.105.160:57577] File does not exist: /var/www/html/02.php
[Fri May 19 22:18:17.233482 2023] [:error] [pid 16969:tid 47698765117184] [client 4.240.105.160:57577] File does not exist: /var/www/html/wp.php
[Fri May 19 22:18:17.488133 2023] [:error] [pid 16969:tid 47698765117184] [client 4.240.105.160:57577] File does not exist: /var/www/html/404.php
[Fri May 19 22:18:17.740025 2023] [:error] [pid 16969:tid 47698765117184] [client 4.240.105.160:57577] File does not exist: /var/www/html/403.php
[Fri May 19 22:18:17.991961 2023] [:error] [pid 16969:tid 47698765117184] [client 4.240.105.160:57577] File does not exist: /var/www/html/admin.php
[Fri May 19 22:18:18.245221 2023] [:error] [pid 16969:tid 47698765117184] [client 4.240.105.160:57577] File does not exist: /var/www/html/good.php
[Fri May 19 22:18:18.749123 2023] [:error] [pid 16969:tid 47698765117184] [client 4.240.105.160:57577] File does not exist: /var/www/html/radio.php
[Fri May 19 22:18:19.254256 2023] [:error] [pid 16969:tid 47698765117184] [client 4.240.105.160:57577] File does not exist: /var/www/html/1index.php
[Fri May 19 22:18:19.506260 2023] [:error] [pid 16969:tid 47698765117184] [client 4.240.105.160:57577] File does not exist: /var/www/html/wp_wrong_datlib.php
[Fri May 19 22:18:19.758170 2023] [:error] [pid 16969:tid 47698765117184] [client 4.240.105.160:57577] File does not exist: /var/www/html/2index.php
[Fri May 19 22:18:20.009909 2023] [:error] [pid 16969:tid 47698765117184] [client 4.240.105.160:57577] File does not exist: /var/www/html/autoload_classmap.php
[Fri May 19 22:18:20.261960 2023] [:error] [pid 16969:tid 47698765117184] [client 4.240.105.160:57577] File does not exist: /var/www/html/wikindex.php
[Fri May 19 22:18:20.514423 2023] [:error] [pid 16969:tid 47698765117184] [client 4.240.105.160:57577] File does not exist: /var/www/html/Deadcode1975xxxxxxxxxxxxxxxxxxxxxxxxxxxx.php
[Fri May 19 22:18:20.835624 2023] [:error] [pid 16969:tid 47698765117184] [client 4.240.105.160:57577] File does not exist: /var/www/html/1h6j5.php
[Fri May 19 22:18:22.134177 2023] [:error] [pid 16969:tid 47698765117184] [client 4.240.105.160:57577] File does not exist: /var/www/html/4price.php
